{"id":36,"date":"2018-05-09T21:44:13","date_gmt":"2018-05-09T19:44:13","guid":{"rendered":"https:\/\/www.grazmuseum.at\/stadtarchiv\/?page_id=36"},"modified":"2025-08-29T08:51:16","modified_gmt":"2025-08-29T06:51:16","slug":"forschung-recherche","status":"publish","type":"page","link":"https:\/\/www.grazmuseum.at\/stadtarchiv\/forschung-recherche\/","title":{"rendered":"Forschung &amp; Recherche"},"content":{"rendered":"<h1 class=\"wp-block-post-title\">Forschung &amp; Recherche<\/h1>\n\n\n<figure class=\"wp-block-image size-full\"><img loading=\"lazy\" decoding=\"async\" width=\"2560\" height=\"1440\" src=\"https:\/\/www.grazmuseum.at\/stadtarchiv\/wp-content\/uploads\/sites\/2\/2023\/12\/07.12.23-Graz_Stadtarchiv_044_c-Sebastian-Reiser_1920x1080-scaled.jpg\" alt=\"Eine Hand mit wei\u00dfen Stoffhandschuhen h\u00e4lt einen alten Meldezettel von Oktavia Rollett, auf dem handschriftlichen Daten in Kurrent vermerkt sind.\" class=\"wp-image-2502\" style=\"object-fit:cover\" srcset=\"https:\/\/www.grazmuseum.at\/stadtarchiv\/wp-content\/uploads\/sites\/2\/2023\/12\/07.12.23-Graz_Stadtarchiv_044_c-Sebastian-Reiser_1920x1080-scaled.jpg 2560w, https:\/\/www.grazmuseum.at\/stadtarchiv\/wp-content\/uploads\/sites\/2\/2023\/12\/07.12.23-Graz_Stadtarchiv_044_c-Sebastian-Reiser_1920x1080-300x169.jpg 300w, https:\/\/www.grazmuseum.at\/stadtarchiv\/wp-content\/uploads\/sites\/2\/2023\/12\/07.12.23-Graz_Stadtarchiv_044_c-Sebastian-Reiser_1920x1080-1024x576.jpg 1024w, https:\/\/www.grazmuseum.at\/stadtarchiv\/wp-content\/uploads\/sites\/2\/2023\/12\/07.12.23-Graz_Stadtarchiv_044_c-Sebastian-Reiser_1920x1080-768x432.jpg 768w, https:\/\/www.grazmuseum.at\/stadtarchiv\/wp-content\/uploads\/sites\/2\/2023\/12\/07.12.23-Graz_Stadtarchiv_044_c-Sebastian-Reiser_1920x1080-1536x864.jpg 1536w, https:\/\/www.grazmuseum.at\/stadtarchiv\/wp-content\/uploads\/sites\/2\/2023\/12\/07.12.23-Graz_Stadtarchiv_044_c-Sebastian-Reiser_1920x1080-2048x1152.jpg 2048w\" sizes=\"auto, (max-width: 2560px) 100vw, 2560px\" \/><figcaption class=\"wp-element-caption\">Foto: Sebastian Reiser<\/figcaption><\/figure>\n\n\n\n<h2 class=\"wp-block-heading\">Recherche im GAIS<\/h2>\n\n\n\n<p>Unser Grazer Archivinformationssystem (<a href=\"https:\/\/gais.graz.at\/stadtarchiv-graz\/\">GAIS<\/a>) bietet Ihnen eine Suche in standardisierten Beschreibungen unserer Best\u00e4nde nach <a href=\"http:\/\/www.voea.at\/tl_files\/content\/Standards\/Umsetzungsempfehlungen%20ISAD(G)%20und%20ISDIAH.pdf\">ISAD(G)<\/a>, den Internationalen Grunds\u00e4tzen f\u00fcr die Archivische Verzeichnung. Die Arbeiten am GAIS wurden 2014 begonnen und sind noch nicht abgeschlossen. Die Aktualisierung der Daten erfolgt laufend. Soweit vorhanden und rechtlich m\u00f6glich, sind auch Digitalisate von Einzelst\u00fccken vorhanden.<\/p>\n\n\n\n<h2 class=\"wp-block-heading\">Schutzfristen<\/h2>\n\n\n\n<p>Die <a href=\"https:\/\/www.graz.at\/cms\/beitrag\/10320322\/7765198\/Archivordnung.html\">Grazer Archivordnung<\/a> sieht f\u00fcr kommunales Schriftgut eine generelle Schutzfrist von 30 Jahren vor. Wenn die Unterlagen besondere Kategorien personenbezogener Daten im Sinne des \u00a7 9 DSGVO enthalten, verl\u00e4ngert sich die Schutzfrist bis zum Tod der betroffenen Person bzw. 110 Jahre nach der Geburt, wenn das Sterbedatum nicht oder nur schwer feststellbar ist.<\/p>\n\n\n\n<p>F\u00fcr wissenschaftliche Zwecke oder aus besonders zu ber\u00fccksichtigenden Gr\u00fcnden kann jedoch ein Schutzfristverk\u00fcrzungsverfahren beantragt werden.<\/p>\n\n\n\n<h2 class=\"wp-block-heading\">Bestellung von Archivgut<\/h2>\n\n\n\n<p>\u00dcber GAIS recherchiertes Archivgut k\u00f6nnen Sie zur Einsichtnahme im Lesesaal bestellen mittels des E-Government-Formulars \u201eEinsichtnahme in Archivgut\u201c.<\/p>\n\n\n\n<div class=\"wp-block-buttons is-layout-flex wp-block-buttons-is-layout-flex\">\n<div class=\"wp-block-button\"><a class=\"wp-block-button__link wp-element-button\" href=\"https:\/\/digitaleformulare.graz.at\/fs-per\/start.do?generalid=PER_ARCH_AEN#\">Bestellung von Archivgut zur Einsichtnahme im Lesesaal<\/a><\/div>\n<\/div>\n\n\n\n<p>Die Bezeichnung der Unterlagen kann \u00fcber GAIS oder im Rahmen einer fachlichen Beratung durch eine*n Mitarbeiter*in bezogen werden. Bitte beachten Sie, dass nur ein Teil unserer Best\u00e4nde auf Akten- bzw. Einzelst\u00fcckebene in GAIS erschlossen ist. Nehmen Sie f\u00fcr Fragen zur Bezeichnung von Unterlagen bzw. Bestellung bitte Kontakt mit uns auf: <a href=\"mailto:stadtarchiv@stadt.graz.at\">stadtarchiv@stadt.graz.at<\/a><\/p>\n\n\n\n<h2 class=\"wp-block-heading\">Stadthistorische Forschung<\/h2>\n\n\n\n<p>Das Stadtarchiv unterst\u00fctzt Sie im Rahmen der Beratung gern dabei, f\u00fcr Ihre Forschungsinteressen relevante Best\u00e4nde zu benennen und gibt Ihnen nach M\u00f6glichkeit weiterf\u00fchrende Hilfestellung bzw. Hinweise. In unserem <a href=\"https:\/\/gais.graz.at\/stadtarchiv-graz\/\">GAIS<\/a> k\u00f6nnen Sie auch selbstst\u00e4ndig recherchieren und \u00fcber die integrierte E-Mail-Funktion konkrete Fragen zu einzelnen Bestandsbeschreibungen stellen.<\/p>\n\n\n\n<p><\/p>\n\n\n\n<p>In einem begrenzten Rahmen (max. 5 Stunden pro Forschungsauftrag) f\u00fchren wir auch kostenpflichtige Recherchen zu stadthistorischen Themen f\u00fcr Sie durch. Die Kosten f\u00fcr die Bearbeitung einer Recherche belaufen sich ab der zweiten halben Stunde auf \u20ac 35.- pro&nbsp;30 Minuten.<\/p>\n\n\n\n<div style=\"height:100px\" aria-hidden=\"true\" class=\"wp-block-spacer\"><\/div>\n","protected":false},"excerpt":{"rendered":"<p>Recherche im GAIS Unser Grazer Archivinformationssystem (GAIS) bietet Ihnen eine Suche in standardisierten Beschreibungen unserer Best\u00e4nde nach ISAD(G), den Internationalen Grunds\u00e4tzen f\u00fcr die Archivische Verzeichnung. Die Arbeiten am GAIS wurden 2014 begonnen und sind noch nicht abgeschlossen. Die Aktualisierung der Daten erfolgt laufend. Soweit vorhanden und rechtlich m\u00f6glich, sind auch Digitalisate von Einzelst\u00fccken vorhanden. Schutzfristen [&hellip;]<\/p>\n","protected":false},"author":1,"featured_media":0,"parent":0,"menu_order":0,"comment_status":"closed","ping_status":"closed","template":"","meta":{"_acf_changed":false,"footnotes":""},"class_list":["post-36","page","type-page","status-publish","hentry"],"acf":[],"yoast_head":"<!-- This site is optimized with the Yoast SEO plugin v26.5 - https:\/\/yoast.com\/wordpress\/plugins\/seo\/ -->\n<title>Forschung &amp; Recherche - Stadtarchiv Graz<\/title>\n<meta name=\"robots\" content=\"index, follow, max-snippet:-1, max-image-preview:large, max-video-preview:-1\" \/>\n<link rel=\"canonical\" href=\"https:\/\/www.grazmuseum.at\/stadtarchiv\/forschung-recherche\/\" \/>\n<meta property=\"og:locale\" content=\"de_DE\" \/>\n<meta property=\"og:type\" content=\"article\" \/>\n<meta property=\"og:title\" content=\"Forschung &amp; Recherche - Stadtarchiv Graz\" \/>\n<meta property=\"og:description\" content=\"Recherche im GAIS Unser Grazer Archivinformationssystem (GAIS) bietet Ihnen eine Suche in standardisierten Beschreibungen unserer Best\u00e4nde nach ISAD(G), den Internationalen Grunds\u00e4tzen f\u00fcr die Archivische Verzeichnung. Die Arbeiten am GAIS wurden 2014 begonnen und sind noch nicht abgeschlossen. Die Aktualisierung der Daten erfolgt laufend. Soweit vorhanden und rechtlich m\u00f6glich, sind auch Digitalisate von Einzelst\u00fccken vorhanden. Schutzfristen [&hellip;]\" \/>\n<meta property=\"og:url\" content=\"https:\/\/www.grazmuseum.at\/stadtarchiv\/forschung-recherche\/\" \/>\n<meta property=\"og:site_name\" content=\"Stadtarchiv Graz\" \/>\n<meta property=\"article:modified_time\" content=\"2025-08-29T06:51:16+00:00\" \/>\n<meta property=\"og:image\" content=\"https:\/\/www.grazmuseum.at\/stadtarchiv\/wp-content\/uploads\/sites\/2\/2023\/12\/07.12.23-Graz_Stadtarchiv_044_c-Sebastian-Reiser_1920x1080-scaled.jpg\" \/>\n<meta name=\"twitter:card\" content=\"summary_large_image\" \/>\n<meta name=\"twitter:label1\" content=\"Gesch\u00e4tzte Lesezeit\" \/>\n\t<meta name=\"twitter:data1\" content=\"2\u00a0Minuten\" \/>\n<script type=\"application\/ld+json\" class=\"yoast-schema-graph\">{\"@context\":\"https:\/\/schema.org\",\"@graph\":[{\"@type\":\"WebPage\",\"@id\":\"https:\/\/www.grazmuseum.at\/stadtarchiv\/forschung-recherche\/\",\"url\":\"https:\/\/www.grazmuseum.at\/stadtarchiv\/forschung-recherche\/\",\"name\":\"Forschung &amp; Recherche - Stadtarchiv Graz\",\"isPartOf\":{\"@id\":\"https:\/\/www.grazmuseum.at\/stadtarchiv\/#website\"},\"primaryImageOfPage\":{\"@id\":\"https:\/\/www.grazmuseum.at\/stadtarchiv\/forschung-recherche\/#primaryimage\"},\"image\":{\"@id\":\"https:\/\/www.grazmuseum.at\/stadtarchiv\/forschung-recherche\/#primaryimage\"},\"thumbnailUrl\":\"https:\/\/www.grazmuseum.at\/stadtarchiv\/wp-content\/uploads\/sites\/2\/2023\/12\/07.12.23-Graz_Stadtarchiv_044_c-Sebastian-Reiser_1920x1080-scaled.jpg\",\"datePublished\":\"2018-05-09T19:44:13+00:00\",\"dateModified\":\"2025-08-29T06:51:16+00:00\",\"breadcrumb\":{\"@id\":\"https:\/\/www.grazmuseum.at\/stadtarchiv\/forschung-recherche\/#breadcrumb\"},\"inLanguage\":\"de\",\"potentialAction\":[{\"@type\":\"ReadAction\",\"target\":[\"https:\/\/www.grazmuseum.at\/stadtarchiv\/forschung-recherche\/\"]}]},{\"@type\":\"ImageObject\",\"inLanguage\":\"de\",\"@id\":\"https:\/\/www.grazmuseum.at\/stadtarchiv\/forschung-recherche\/#primaryimage\",\"url\":\"https:\/\/www.grazmuseum.at\/stadtarchiv\/wp-content\/uploads\/sites\/2\/2023\/12\/07.12.23-Graz_Stadtarchiv_044_c-Sebastian-Reiser_1920x1080-scaled.jpg\",\"contentUrl\":\"https:\/\/www.grazmuseum.at\/stadtarchiv\/wp-content\/uploads\/sites\/2\/2023\/12\/07.12.23-Graz_Stadtarchiv_044_c-Sebastian-Reiser_1920x1080-scaled.jpg\",\"width\":2560,\"height\":1440,\"caption\":\"Foto: Sebastian Reiser\"},{\"@type\":\"BreadcrumbList\",\"@id\":\"https:\/\/www.grazmuseum.at\/stadtarchiv\/forschung-recherche\/#breadcrumb\",\"itemListElement\":[{\"@type\":\"ListItem\",\"position\":1,\"name\":\"Home\",\"item\":\"https:\/\/www.grazmuseum.at\/stadtarchiv\/\"},{\"@type\":\"ListItem\",\"position\":2,\"name\":\"Forschung &amp; Recherche\"}]},{\"@type\":\"WebSite\",\"@id\":\"https:\/\/www.grazmuseum.at\/stadtarchiv\/#website\",\"url\":\"https:\/\/www.grazmuseum.at\/stadtarchiv\/\",\"name\":\"Stadtarchiv Graz\",\"description\":\"\",\"potentialAction\":[{\"@type\":\"SearchAction\",\"target\":{\"@type\":\"EntryPoint\",\"urlTemplate\":\"https:\/\/www.grazmuseum.at\/stadtarchiv\/?s={search_term_string}\"},\"query-input\":{\"@type\":\"PropertyValueSpecification\",\"valueRequired\":true,\"valueName\":\"search_term_string\"}}],\"inLanguage\":\"de\"}]}<\/script>\n<!-- \/ Yoast SEO plugin. -->","yoast_head_json":{"title":"Forschung &amp; Recherche - Stadtarchiv Graz","robots":{"index":"index","follow":"follow","max-snippet":"max-snippet:-1","max-image-preview":"max-image-preview:large","max-video-preview":"max-video-preview:-1"},"canonical":"https:\/\/www.grazmuseum.at\/stadtarchiv\/forschung-recherche\/","og_locale":"de_DE","og_type":"article","og_title":"Forschung &amp; Recherche - Stadtarchiv Graz","og_description":"Recherche im GAIS Unser Grazer Archivinformationssystem (GAIS) bietet Ihnen eine Suche in standardisierten Beschreibungen unserer Best\u00e4nde nach ISAD(G), den Internationalen Grunds\u00e4tzen f\u00fcr die Archivische Verzeichnung. Die Arbeiten am GAIS wurden 2014 begonnen und sind noch nicht abgeschlossen. Die Aktualisierung der Daten erfolgt laufend. Soweit vorhanden und rechtlich m\u00f6glich, sind auch Digitalisate von Einzelst\u00fccken vorhanden. Schutzfristen [&hellip;]","og_url":"https:\/\/www.grazmuseum.at\/stadtarchiv\/forschung-recherche\/","og_site_name":"Stadtarchiv Graz","article_modified_time":"2025-08-29T06:51:16+00:00","og_image":[{"url":"https:\/\/www.grazmuseum.at\/stadtarchiv\/wp-content\/uploads\/sites\/2\/2023\/12\/07.12.23-Graz_Stadtarchiv_044_c-Sebastian-Reiser_1920x1080-scaled.jpg","type":"","width":"","height":""}],"twitter_card":"summary_large_image","twitter_misc":{"Gesch\u00e4tzte Lesezeit":"2\u00a0Minuten"},"schema":{"@context":"https:\/\/schema.org","@graph":[{"@type":"WebPage","@id":"https:\/\/www.grazmuseum.at\/stadtarchiv\/forschung-recherche\/","url":"https:\/\/www.grazmuseum.at\/stadtarchiv\/forschung-recherche\/","name":"Forschung &amp; Recherche - Stadtarchiv Graz","isPartOf":{"@id":"https:\/\/www.grazmuseum.at\/stadtarchiv\/#website"},"primaryImageOfPage":{"@id":"https:\/\/www.grazmuseum.at\/stadtarchiv\/forschung-recherche\/#primaryimage"},"image":{"@id":"https:\/\/www.grazmuseum.at\/stadtarchiv\/forschung-recherche\/#primaryimage"},"thumbnailUrl":"https:\/\/www.grazmuseum.at\/stadtarchiv\/wp-content\/uploads\/sites\/2\/2023\/12\/07.12.23-Graz_Stadtarchiv_044_c-Sebastian-Reiser_1920x1080-scaled.jpg","datePublished":"2018-05-09T19:44:13+00:00","dateModified":"2025-08-29T06:51:16+00:00","breadcrumb":{"@id":"https:\/\/www.grazmuseum.at\/stadtarchiv\/forschung-recherche\/#breadcrumb"},"inLanguage":"de","potentialAction":[{"@type":"ReadAction","target":["https:\/\/www.grazmuseum.at\/stadtarchiv\/forschung-recherche\/"]}]},{"@type":"ImageObject","inLanguage":"de","@id":"https:\/\/www.grazmuseum.at\/stadtarchiv\/forschung-recherche\/#primaryimage","url":"https:\/\/www.grazmuseum.at\/stadtarchiv\/wp-content\/uploads\/sites\/2\/2023\/12\/07.12.23-Graz_Stadtarchiv_044_c-Sebastian-Reiser_1920x1080-scaled.jpg","contentUrl":"https:\/\/www.grazmuseum.at\/stadtarchiv\/wp-content\/uploads\/sites\/2\/2023\/12\/07.12.23-Graz_Stadtarchiv_044_c-Sebastian-Reiser_1920x1080-scaled.jpg","width":2560,"height":1440,"caption":"Foto: Sebastian Reiser"},{"@type":"BreadcrumbList","@id":"https:\/\/www.grazmuseum.at\/stadtarchiv\/forschung-recherche\/#breadcrumb","itemListElement":[{"@type":"ListItem","position":1,"name":"Home","item":"https:\/\/www.grazmuseum.at\/stadtarchiv\/"},{"@type":"ListItem","position":2,"name":"Forschung &amp; Recherche"}]},{"@type":"WebSite","@id":"https:\/\/www.grazmuseum.at\/stadtarchiv\/#website","url":"https:\/\/www.grazmuseum.at\/stadtarchiv\/","name":"Stadtarchiv Graz","description":"","potentialAction":[{"@type":"SearchAction","target":{"@type":"EntryPoint","urlTemplate":"https:\/\/www.grazmuseum.at\/stadtarchiv\/?s={search_term_string}"},"query-input":{"@type":"PropertyValueSpecification","valueRequired":true,"valueName":"search_term_string"}}],"inLanguage":"de"}]}},"_links":{"self":[{"href":"https:\/\/www.grazmuseum.at\/stadtarchiv\/wp-json\/wp\/v2\/pages\/36","targetHints":{"allow":["GET"]}}],"collection":[{"href":"https:\/\/www.grazmuseum.at\/stadtarchiv\/wp-json\/wp\/v2\/pages"}],"about":[{"href":"https:\/\/www.grazmuseum.at\/stadtarchiv\/wp-json\/wp\/v2\/types\/page"}],"author":[{"embeddable":true,"href":"https:\/\/www.grazmuseum.at\/stadtarchiv\/wp-json\/wp\/v2\/users\/1"}],"replies":[{"embeddable":true,"href":"https:\/\/www.grazmuseum.at\/stadtarchiv\/wp-json\/wp\/v2\/comments?post=36"}],"version-history":[{"count":37,"href":"https:\/\/www.grazmuseum.at\/stadtarchiv\/wp-json\/wp\/v2\/pages\/36\/revisions"}],"predecessor-version":[{"id":3314,"href":"https:\/\/www.grazmuseum.at\/stadtarchiv\/wp-json\/wp\/v2\/pages\/36\/revisions\/3314"}],"wp:attachment":[{"href":"https:\/\/www.grazmuseum.at\/stadtarchiv\/wp-json\/wp\/v2\/media?parent=36"}],"curies":[{"name":"wp","href":"https:\/\/api.w.org\/{rel}","templated":true}]}}