{"id":2299,"date":"2023-04-18T11:01:34","date_gmt":"2023-04-18T09:01:34","guid":{"rendered":"https:\/\/www.grazmuseum.at\/stadtarchiv\/?page_id=2299"},"modified":"2025-11-14T09:17:44","modified_gmt":"2025-11-14T08:17:44","slug":"citizen-archive-platform","status":"publish","type":"page","link":"https:\/\/www.grazmuseum.at\/stadtarchiv\/citizen-archive-platform\/","title":{"rendered":"Citizen Archive Platform"},"content":{"rendered":"<h1 class=\"wp-block-post-title\">Citizen Archive Platform<\/h1>\n\n\n<figure class=\"wp-block-image size-full is-style-default\"><img loading=\"lazy\" decoding=\"async\" width=\"1920\" height=\"1080\" src=\"https:\/\/www.grazmuseum.at\/stadtarchiv\/wp-content\/uploads\/sites\/2\/2023\/12\/DialogCity_Master_PowerPoint_1920x1080_01.jpg\" alt=\"\" class=\"wp-image-2506\" srcset=\"https:\/\/www.grazmuseum.at\/stadtarchiv\/wp-content\/uploads\/sites\/2\/2023\/12\/DialogCity_Master_PowerPoint_1920x1080_01.jpg 1920w, https:\/\/www.grazmuseum.at\/stadtarchiv\/wp-content\/uploads\/sites\/2\/2023\/12\/DialogCity_Master_PowerPoint_1920x1080_01-300x169.jpg 300w, https:\/\/www.grazmuseum.at\/stadtarchiv\/wp-content\/uploads\/sites\/2\/2023\/12\/DialogCity_Master_PowerPoint_1920x1080_01-1024x576.jpg 1024w, https:\/\/www.grazmuseum.at\/stadtarchiv\/wp-content\/uploads\/sites\/2\/2023\/12\/DialogCity_Master_PowerPoint_1920x1080_01-768x432.jpg 768w, https:\/\/www.grazmuseum.at\/stadtarchiv\/wp-content\/uploads\/sites\/2\/2023\/12\/DialogCity_Master_PowerPoint_1920x1080_01-1536x864.jpg 1536w\" sizes=\"auto, (max-width: 1920px) 100vw, 1920px\" \/><\/figure>\n\n\n\n<p>Das EU-Projekt <strong><a href=\"https:\/\/dialogcity.eu\/\">DIALOG CITY<\/a><\/strong> inkludiert eine <strong><a href=\"https:\/\/citizenarchive.eu\/\">CITIZEN ARCHIVE PLATFORM<\/a><\/strong> (CAP) f\u00fcr den Sektor des kulturellen Erbes: hier liegt die Federf\u00fchrung bei der Stadtmuseum Graz GmbH, konkret bei den Mitarbeiter*innen des Stadtarchivs Graz.<\/p>\n\n\n\n<p>Wir entwickeln eine Plattform, mit der alle Arten von datenbasierten Objekten wie Bilder, Videos, Audiodateien, Texte und Co. einem Archiv \u00fcbergeben werden k\u00f6nnen. Ged\u00e4chtnisinstitutionen wie Archive oder Museen k\u00f6nnen diese dann in ein professionelles, nicht gewinnorientiertes Archivsystem integrieren. Dieses innovative digitale Instrument soll es B\u00fcrger*innen erm\u00f6glichen, pers\u00f6nliche digitale Daten einfach einem beteiligten Archiv anzubieten.<\/p>\n\n\n\n<p><br>Im ersten Quartal 2023 fanden in Graz ein Fokusgruppenworkshop und ein Kultur-Hackathon statt, bei dem die ersten Schritte zur Entwicklung eines Tools, mit dem pers\u00f6nliche digitale Daten langfristig gesichert werden k\u00f6nnen, gesetzt wurden. Egal ob es sich um Social-Media-Profile, E-Mail-Accounts oder Fotos handelt, pers\u00f6nliche digitale Daten gehen ohne aktives Handeln langfristig verloren.<\/p>\n\n\n\n<p>Intern arbeiten wir nach den aktuellsten archivischen Standards und im Rahmen gesetzlicher Regelungen, die Anwender*innenoberfl\u00e4che ist hingegen \u00e4u\u00dferst benutzerfreundlich und selbsterkl\u00e4rend. Bei der Citizen Archive Platform (CAP) handelt es sich um ein vor-archivisches Tool und keine automatische \u00dcbernahme ins Archiv. Im Sinne der Offenheit ist eine Nachnutzung nach Projektende durch alle Interessent*innen aus dem Kulturbereich ausdr\u00fccklich erw\u00fcnscht.<\/p>\n\n\n\n<div class=\"wp-block-buttons is-layout-flex wp-block-buttons-is-layout-flex\">\n<div class=\"wp-block-button\"><a class=\"wp-block-button__link wp-element-button\" href=\"https:\/\/citizenarchive.eu\/\">Citizen Archive Platform<\/a><\/div>\n<\/div>\n\n\n\n<p>Weiterf\u00fchrende Informationen zum Thema Pers\u00f6nliche Digitale Archivierung (PDA):<br><a href=\"https:\/\/meindigitalesarchiv.de\/\">Meindigitalesarchiv.de<\/a><\/p>\n\n\n\n<p><strong>VERANSTALTUNGEN<\/strong><\/p>\n\n\n\n<ul class=\"wp-block-list\">\n<li>Hybrid Festival (Juni 2024)<\/li>\n\n\n\n<li>Fit f\u00fcr den digitalen Vorlass (Winter 2023\/2024)<\/li>\n\n\n\n<li>GRAZhack\u00a0(Fr\u00fchling 2023)<\/li>\n<\/ul>\n\n\n\n<div style=\"height:100px\" aria-hidden=\"true\" class=\"wp-block-spacer\"><\/div>\n","protected":false},"excerpt":{"rendered":"<p>Das EU-Projekt DIALOG CITY inkludiert eine CITIZEN ARCHIVE PLATFORM (CAP) f\u00fcr den Sektor des kulturellen Erbes: hier liegt die Federf\u00fchrung bei der Stadtmuseum Graz GmbH, konkret bei den Mitarbeiter*innen des Stadtarchivs Graz. Wir entwickeln eine Plattform, mit der alle Arten von datenbasierten Objekten wie Bilder, Videos, Audiodateien, Texte und Co. einem Archiv \u00fcbergeben werden k\u00f6nnen. [&hellip;]<\/p>\n","protected":false},"author":2,"featured_media":0,"parent":0,"menu_order":0,"comment_status":"closed","ping_status":"closed","template":"","meta":{"_acf_changed":false,"footnotes":""},"class_list":["post-2299","page","type-page","status-publish","hentry"],"acf":[],"yoast_head":"<!-- This site is optimized with the Yoast SEO plugin v26.5 - https:\/\/yoast.com\/wordpress\/plugins\/seo\/ -->\n<title>Citizen Archive Platform - Stadtarchiv Graz<\/title>\n<meta name=\"robots\" content=\"index, follow, max-snippet:-1, max-image-preview:large, max-video-preview:-1\" \/>\n<link rel=\"canonical\" href=\"https:\/\/www.grazmuseum.at\/stadtarchiv\/citizen-archive-platform\/\" \/>\n<meta property=\"og:locale\" content=\"de_DE\" \/>\n<meta property=\"og:type\" content=\"article\" \/>\n<meta property=\"og:title\" content=\"Citizen Archive Platform - Stadtarchiv Graz\" \/>\n<meta property=\"og:description\" content=\"Das EU-Projekt DIALOG CITY inkludiert eine CITIZEN ARCHIVE PLATFORM (CAP) f\u00fcr den Sektor des kulturellen Erbes: hier liegt die Federf\u00fchrung bei der Stadtmuseum Graz GmbH, konkret bei den Mitarbeiter*innen des Stadtarchivs Graz. Wir entwickeln eine Plattform, mit der alle Arten von datenbasierten Objekten wie Bilder, Videos, Audiodateien, Texte und Co. einem Archiv \u00fcbergeben werden k\u00f6nnen. [&hellip;]\" \/>\n<meta property=\"og:url\" content=\"https:\/\/www.grazmuseum.at\/stadtarchiv\/citizen-archive-platform\/\" \/>\n<meta property=\"og:site_name\" content=\"Stadtarchiv Graz\" \/>\n<meta property=\"article:modified_time\" content=\"2025-11-14T08:17:44+00:00\" \/>\n<meta property=\"og:image\" content=\"https:\/\/www.grazmuseum.at\/stadtarchiv\/wp-content\/uploads\/sites\/2\/2023\/12\/DialogCity_Master_PowerPoint_1920x1080_01.jpg\" \/>\n<meta name=\"twitter:card\" content=\"summary_large_image\" \/>\n<meta name=\"twitter:label1\" content=\"Gesch\u00e4tzte Lesezeit\" \/>\n\t<meta name=\"twitter:data1\" content=\"2\u00a0Minuten\" \/>\n<script type=\"application\/ld+json\" class=\"yoast-schema-graph\">{\"@context\":\"https:\/\/schema.org\",\"@graph\":[{\"@type\":\"WebPage\",\"@id\":\"https:\/\/www.grazmuseum.at\/stadtarchiv\/citizen-archive-platform\/\",\"url\":\"https:\/\/www.grazmuseum.at\/stadtarchiv\/citizen-archive-platform\/\",\"name\":\"Citizen Archive Platform - Stadtarchiv Graz\",\"isPartOf\":{\"@id\":\"https:\/\/www.grazmuseum.at\/stadtarchiv\/#website\"},\"primaryImageOfPage\":{\"@id\":\"https:\/\/www.grazmuseum.at\/stadtarchiv\/citizen-archive-platform\/#primaryimage\"},\"image\":{\"@id\":\"https:\/\/www.grazmuseum.at\/stadtarchiv\/citizen-archive-platform\/#primaryimage\"},\"thumbnailUrl\":\"https:\/\/www.grazmuseum.at\/stadtarchiv\/wp-content\/uploads\/sites\/2\/2023\/12\/DialogCity_Master_PowerPoint_1920x1080_01.jpg\",\"datePublished\":\"2023-04-18T09:01:34+00:00\",\"dateModified\":\"2025-11-14T08:17:44+00:00\",\"breadcrumb\":{\"@id\":\"https:\/\/www.grazmuseum.at\/stadtarchiv\/citizen-archive-platform\/#breadcrumb\"},\"inLanguage\":\"de\",\"potentialAction\":[{\"@type\":\"ReadAction\",\"target\":[\"https:\/\/www.grazmuseum.at\/stadtarchiv\/citizen-archive-platform\/\"]}]},{\"@type\":\"ImageObject\",\"inLanguage\":\"de\",\"@id\":\"https:\/\/www.grazmuseum.at\/stadtarchiv\/citizen-archive-platform\/#primaryimage\",\"url\":\"https:\/\/www.grazmuseum.at\/stadtarchiv\/wp-content\/uploads\/sites\/2\/2023\/12\/DialogCity_Master_PowerPoint_1920x1080_01.jpg\",\"contentUrl\":\"https:\/\/www.grazmuseum.at\/stadtarchiv\/wp-content\/uploads\/sites\/2\/2023\/12\/DialogCity_Master_PowerPoint_1920x1080_01.jpg\",\"width\":1920,\"height\":1080},{\"@type\":\"BreadcrumbList\",\"@id\":\"https:\/\/www.grazmuseum.at\/stadtarchiv\/citizen-archive-platform\/#breadcrumb\",\"itemListElement\":[{\"@type\":\"ListItem\",\"position\":1,\"name\":\"Home\",\"item\":\"https:\/\/www.grazmuseum.at\/stadtarchiv\/\"},{\"@type\":\"ListItem\",\"position\":2,\"name\":\"Citizen Archive Platform\"}]},{\"@type\":\"WebSite\",\"@id\":\"https:\/\/www.grazmuseum.at\/stadtarchiv\/#website\",\"url\":\"https:\/\/www.grazmuseum.at\/stadtarchiv\/\",\"name\":\"Stadtarchiv Graz\",\"description\":\"\",\"potentialAction\":[{\"@type\":\"SearchAction\",\"target\":{\"@type\":\"EntryPoint\",\"urlTemplate\":\"https:\/\/www.grazmuseum.at\/stadtarchiv\/?s={search_term_string}\"},\"query-input\":{\"@type\":\"PropertyValueSpecification\",\"valueRequired\":true,\"valueName\":\"search_term_string\"}}],\"inLanguage\":\"de\"}]}<\/script>\n<!-- \/ Yoast SEO plugin. -->","yoast_head_json":{"title":"Citizen Archive Platform - Stadtarchiv Graz","robots":{"index":"index","follow":"follow","max-snippet":"max-snippet:-1","max-image-preview":"max-image-preview:large","max-video-preview":"max-video-preview:-1"},"canonical":"https:\/\/www.grazmuseum.at\/stadtarchiv\/citizen-archive-platform\/","og_locale":"de_DE","og_type":"article","og_title":"Citizen Archive Platform - Stadtarchiv Graz","og_description":"Das EU-Projekt DIALOG CITY inkludiert eine CITIZEN ARCHIVE PLATFORM (CAP) f\u00fcr den Sektor des kulturellen Erbes: hier liegt die Federf\u00fchrung bei der Stadtmuseum Graz GmbH, konkret bei den Mitarbeiter*innen des Stadtarchivs Graz. Wir entwickeln eine Plattform, mit der alle Arten von datenbasierten Objekten wie Bilder, Videos, Audiodateien, Texte und Co. einem Archiv \u00fcbergeben werden k\u00f6nnen. [&hellip;]","og_url":"https:\/\/www.grazmuseum.at\/stadtarchiv\/citizen-archive-platform\/","og_site_name":"Stadtarchiv Graz","article_modified_time":"2025-11-14T08:17:44+00:00","og_image":[{"url":"https:\/\/www.grazmuseum.at\/stadtarchiv\/wp-content\/uploads\/sites\/2\/2023\/12\/DialogCity_Master_PowerPoint_1920x1080_01.jpg","type":"","width":"","height":""}],"twitter_card":"summary_large_image","twitter_misc":{"Gesch\u00e4tzte Lesezeit":"2\u00a0Minuten"},"schema":{"@context":"https:\/\/schema.org","@graph":[{"@type":"WebPage","@id":"https:\/\/www.grazmuseum.at\/stadtarchiv\/citizen-archive-platform\/","url":"https:\/\/www.grazmuseum.at\/stadtarchiv\/citizen-archive-platform\/","name":"Citizen Archive Platform - Stadtarchiv Graz","isPartOf":{"@id":"https:\/\/www.grazmuseum.at\/stadtarchiv\/#website"},"primaryImageOfPage":{"@id":"https:\/\/www.grazmuseum.at\/stadtarchiv\/citizen-archive-platform\/#primaryimage"},"image":{"@id":"https:\/\/www.grazmuseum.at\/stadtarchiv\/citizen-archive-platform\/#primaryimage"},"thumbnailUrl":"https:\/\/www.grazmuseum.at\/stadtarchiv\/wp-content\/uploads\/sites\/2\/2023\/12\/DialogCity_Master_PowerPoint_1920x1080_01.jpg","datePublished":"2023-04-18T09:01:34+00:00","dateModified":"2025-11-14T08:17:44+00:00","breadcrumb":{"@id":"https:\/\/www.grazmuseum.at\/stadtarchiv\/citizen-archive-platform\/#breadcrumb"},"inLanguage":"de","potentialAction":[{"@type":"ReadAction","target":["https:\/\/www.grazmuseum.at\/stadtarchiv\/citizen-archive-platform\/"]}]},{"@type":"ImageObject","inLanguage":"de","@id":"https:\/\/www.grazmuseum.at\/stadtarchiv\/citizen-archive-platform\/#primaryimage","url":"https:\/\/www.grazmuseum.at\/stadtarchiv\/wp-content\/uploads\/sites\/2\/2023\/12\/DialogCity_Master_PowerPoint_1920x1080_01.jpg","contentUrl":"https:\/\/www.grazmuseum.at\/stadtarchiv\/wp-content\/uploads\/sites\/2\/2023\/12\/DialogCity_Master_PowerPoint_1920x1080_01.jpg","width":1920,"height":1080},{"@type":"BreadcrumbList","@id":"https:\/\/www.grazmuseum.at\/stadtarchiv\/citizen-archive-platform\/#breadcrumb","itemListElement":[{"@type":"ListItem","position":1,"name":"Home","item":"https:\/\/www.grazmuseum.at\/stadtarchiv\/"},{"@type":"ListItem","position":2,"name":"Citizen Archive Platform"}]},{"@type":"WebSite","@id":"https:\/\/www.grazmuseum.at\/stadtarchiv\/#website","url":"https:\/\/www.grazmuseum.at\/stadtarchiv\/","name":"Stadtarchiv Graz","description":"","potentialAction":[{"@type":"SearchAction","target":{"@type":"EntryPoint","urlTemplate":"https:\/\/www.grazmuseum.at\/stadtarchiv\/?s={search_term_string}"},"query-input":{"@type":"PropertyValueSpecification","valueRequired":true,"valueName":"search_term_string"}}],"inLanguage":"de"}]}},"_links":{"self":[{"href":"https:\/\/www.grazmuseum.at\/stadtarchiv\/wp-json\/wp\/v2\/pages\/2299","targetHints":{"allow":["GET"]}}],"collection":[{"href":"https:\/\/www.grazmuseum.at\/stadtarchiv\/wp-json\/wp\/v2\/pages"}],"about":[{"href":"https:\/\/www.grazmuseum.at\/stadtarchiv\/wp-json\/wp\/v2\/types\/page"}],"author":[{"embeddable":true,"href":"https:\/\/www.grazmuseum.at\/stadtarchiv\/wp-json\/wp\/v2\/users\/2"}],"replies":[{"embeddable":true,"href":"https:\/\/www.grazmuseum.at\/stadtarchiv\/wp-json\/wp\/v2\/comments?post=2299"}],"version-history":[{"count":18,"href":"https:\/\/www.grazmuseum.at\/stadtarchiv\/wp-json\/wp\/v2\/pages\/2299\/revisions"}],"predecessor-version":[{"id":3370,"href":"https:\/\/www.grazmuseum.at\/stadtarchiv\/wp-json\/wp\/v2\/pages\/2299\/revisions\/3370"}],"wp:attachment":[{"href":"https:\/\/www.grazmuseum.at\/stadtarchiv\/wp-json\/wp\/v2\/media?parent=2299"}],"curies":[{"name":"wp","href":"https:\/\/api.w.org\/{rel}","templated":true}]}}