{"id":19,"date":"2018-05-09T21:33:54","date_gmt":"2018-05-09T19:33:54","guid":{"rendered":"https:\/\/www.grazmuseum.at\/stadtarchiv\/?page_id=19"},"modified":"2025-08-29T08:53:58","modified_gmt":"2025-08-29T06:53:58","slug":"ueber-das-stadtarchiv-graz","status":"publish","type":"page","link":"https:\/\/www.grazmuseum.at\/stadtarchiv\/ueber-das-stadtarchiv-graz\/","title":{"rendered":"Stadtarchiv Graz"},"content":{"rendered":"<h1 class=\"wp-block-post-title\">Stadtarchiv Graz<\/h1>\n\n\n<figure class=\"wp-block-image size-full\"><img loading=\"lazy\" decoding=\"async\" width=\"1600\" height=\"1067\" src=\"https:\/\/www.grazmuseum.at\/stadtarchiv\/wp-content\/uploads\/sites\/2\/2024\/02\/07.12.23-Graz_Stadtarchiv_065_c-Sebastian-Reiser-Kopie.jpg\" alt=\"Auf einem alten Stadtplan sind Stra\u00dfen, die Mur rund um den Schlossberg eingezeichnet.\" class=\"wp-image-2637\" style=\"object-fit:cover\" srcset=\"https:\/\/www.grazmuseum.at\/stadtarchiv\/wp-content\/uploads\/sites\/2\/2024\/02\/07.12.23-Graz_Stadtarchiv_065_c-Sebastian-Reiser-Kopie.jpg 1600w, https:\/\/www.grazmuseum.at\/stadtarchiv\/wp-content\/uploads\/sites\/2\/2024\/02\/07.12.23-Graz_Stadtarchiv_065_c-Sebastian-Reiser-Kopie-300x200.jpg 300w, https:\/\/www.grazmuseum.at\/stadtarchiv\/wp-content\/uploads\/sites\/2\/2024\/02\/07.12.23-Graz_Stadtarchiv_065_c-Sebastian-Reiser-Kopie-1024x683.jpg 1024w, https:\/\/www.grazmuseum.at\/stadtarchiv\/wp-content\/uploads\/sites\/2\/2024\/02\/07.12.23-Graz_Stadtarchiv_065_c-Sebastian-Reiser-Kopie-768x512.jpg 768w, https:\/\/www.grazmuseum.at\/stadtarchiv\/wp-content\/uploads\/sites\/2\/2024\/02\/07.12.23-Graz_Stadtarchiv_065_c-Sebastian-Reiser-Kopie-1536x1024.jpg 1536w\" sizes=\"auto, (max-width: 1600px) 100vw, 1600px\" \/><figcaption class=\"wp-element-caption\">Foto: Sebastian Reiser<\/figcaption><\/figure>\n\n\n\n<h2 class=\"wp-block-heading\">Leitbild<\/h2>\n\n\n\n<p>Das Stadtarchiv Graz ist seit 1. April 2014 Teil der Stadtmuseum Graz GmbH und bildet gemeinsam mit dem GrazMuseum das Zentrum f\u00fcr Stadt und Stadtgeschichte.<\/p>\n\n\n\n<p>Als historisches Archiv der Landeshauptstadt verwahrt es die schriftliche \u00dcberlieferung der Grazer Stadtverwaltung seit dem 18. Jahrhundert. Es sichert, \u00fcbernimmt, ordnet und verzeichnet das in den \u00c4mtern verfasste Schriftgut, das nicht mehr f\u00fcr den laufenden Gesch\u00e4ftsverkehr ben\u00f6tigt wird und aus rechtlichen, historischen, kulturellen oder sonstigen Gr\u00fcnden aufzubewahren ist. Die Best\u00e4nde des Stadtarchivs umfassen \u00fcber 6.000 Laufmeter Akten und Amtsb\u00fccher, was mehr als 28.000 Boxen und Faszikeln entspricht.<\/p>\n\n\n\n<p>Nach urspr\u00fcnglicher Unterbringung im Rathaus befand sich das Stadtarchiv im Palais Khuenburg in der Sackstra\u00dfe, wo es 1970 aus dem Grazer Stadtmuseum herausgel\u00f6st wurde. Das Stadtarchiv war daraufhin in der Hans-Sachs-Gasse untergebracht und wurde 1999 an seinen heutigen Standort in der Schiffgasse 4 \u00fcbersiedelt.<\/p>\n\n\n\n<h2 class=\"wp-block-heading\">Auftrag<\/h2>\n\n\n\n<p>Wir verstehen uns als Ged\u00e4chtniseinrichtung. Wir sichern das schriftliche Erbe der Stadt Graz. Mit unseren Best\u00e4nden erm\u00f6glichen wir auf Basis der geltenden Gesetzeslage Rechtssicherheit und Transparenz des Verwaltungshandelns. Wir sind eine Serviceeinrichtung f\u00fcr alle B\u00fcrger*innen der Stadt sowie f\u00fcr alle Menschen, die im Laufe ihrer (Vor-)Geschichte mit Graz in Verbindung stehen und standen. Wir unterst\u00fctzen auch bei der Sicherung des pers\u00f6nlichen schriftlichen Nachlasses und \u00fcbernehmen diesen nach Ma\u00dfgabe unserer M\u00f6glichkeiten und der Relevanz f\u00fcr die Grazer Stadtgeschichte in unsere Sammlungsbest\u00e4nde.<\/p>\n\n\n\n<p>Innerhalb des \u201eHauses Graz\u201c (Stadtverwaltung und ihre Beteiligungen) verstehen wir uns als zentraler Partner der Schriftgutverwaltung \u2013 unabh\u00e4ngig davon, ob es sich um Papier oder digitale Informationen handelt. Gemeinsam mit den Mitarbeiterinnen und Mitarbeitern der Verwaltung sichern wir somit das im Heute entstehende historische Erbe der Zukunft.<\/p>\n\n\n\n<p>Wir streben danach, unsere Best\u00e4nde professionell und nach internationalen Archivstandards aufzubewahren, zu erschlie\u00dfen, zug\u00e4nglich zu machen und zu vermitteln.<\/p>\n\n\n\n<p>Wir verstehen uns als Institution, die das Schreiben von Geschichte(n) der Stadt Graz und ihrer Bewohner*innen erm\u00f6glicht. Damit tragen wir zu individuellen und kollektiven Identit\u00e4tsbildungsprozessen bei. Wissensinstitutionen, von Schulen und Universit\u00e4ten bis hin zu Museen und Erwachsenenbildungseinrichtungen, sowie Forscher*innen unterschiedlichster Disziplinen geh\u00f6ren zu unseren Partnern.<\/p>\n\n\n\n<div class=\"wp-block-buttons is-layout-flex wp-block-buttons-is-layout-flex\">\n<div class=\"wp-block-button\"><a class=\"wp-block-button__link wp-element-button\" href=\"https:\/\/www.grazmuseum.at\/stadtarchiv\/isdiah\/\" target=\"_blank\" rel=\"noreferrer noopener\">Beschreibung des Stadtarchives Graz nach ISDIAH<\/a><\/div>\n<\/div>\n\n\n\n<p><\/p>\n\n\n\n<h2 class=\"wp-block-heading\">Archivf\u00fchrungen<\/h2>\n\n\n\n<p>Wie wird in einem Archiv gearbeitet? Wie sieht es in einem Depot aus? Warum braucht es einen Benutzungsantrag? Warum d\u00fcrfen Jacken und Taschen nicht in den Lesesaal mitgenommen werden? Wie komme ich zu Archivalien, die meine Fragen beantworten? Das sind nur einige Fragen, denen wir uns im Rahmen unserer F\u00fchrungen widmen. Zielgruppen sind in erster Linie Studierende der Grazer Universit\u00e4ten und Gruppen mit speziellem Interesse f\u00fcr Archive.<\/p>\n\n\n\n<p>Kontaktieren Sie uns: <strong><a href=\"mailto:stadtarchiv@stadt.graz.at\">stadtarchiv@stadt.graz.at<\/a><\/strong> oder <strong>0316 8727620<\/strong><\/p>\n\n\n\n<h2 class=\"wp-block-heading\">Unsere Best\u00e4nde<\/h2>\n\n\n\n<figure class=\"wp-block-image size-full\"><img loading=\"lazy\" decoding=\"async\" width=\"2560\" height=\"1440\" src=\"https:\/\/www.grazmuseum.at\/stadtarchiv\/wp-content\/uploads\/sites\/2\/2023\/12\/07.12.23-Graz_Stadtarchiv_142_c-Sebastian-Reiser_1920x1080-scaled.jpg\" alt=\"An blauen Aktenschr\u00e4nken im Stadtarchiv sind jeweils Kurbeln angebracht.\" class=\"wp-image-2513\" style=\"object-fit:cover\" srcset=\"https:\/\/www.grazmuseum.at\/stadtarchiv\/wp-content\/uploads\/sites\/2\/2023\/12\/07.12.23-Graz_Stadtarchiv_142_c-Sebastian-Reiser_1920x1080-scaled.jpg 2560w, https:\/\/www.grazmuseum.at\/stadtarchiv\/wp-content\/uploads\/sites\/2\/2023\/12\/07.12.23-Graz_Stadtarchiv_142_c-Sebastian-Reiser_1920x1080-300x169.jpg 300w, https:\/\/www.grazmuseum.at\/stadtarchiv\/wp-content\/uploads\/sites\/2\/2023\/12\/07.12.23-Graz_Stadtarchiv_142_c-Sebastian-Reiser_1920x1080-1024x576.jpg 1024w, https:\/\/www.grazmuseum.at\/stadtarchiv\/wp-content\/uploads\/sites\/2\/2023\/12\/07.12.23-Graz_Stadtarchiv_142_c-Sebastian-Reiser_1920x1080-768x432.jpg 768w, https:\/\/www.grazmuseum.at\/stadtarchiv\/wp-content\/uploads\/sites\/2\/2023\/12\/07.12.23-Graz_Stadtarchiv_142_c-Sebastian-Reiser_1920x1080-1536x864.jpg 1536w, https:\/\/www.grazmuseum.at\/stadtarchiv\/wp-content\/uploads\/sites\/2\/2023\/12\/07.12.23-Graz_Stadtarchiv_142_c-Sebastian-Reiser_1920x1080-2048x1152.jpg 2048w\" sizes=\"auto, (max-width: 2560px) 100vw, 2560px\" \/><figcaption class=\"wp-element-caption\">Foto: Sebastian Reiser<\/figcaption><\/figure>\n\n\n\n<p>Unsere Best\u00e4nde umfassen \u00fcber 6.000 Laufmeter, die 2016\/17 in einer internationalen Standards entsprechenden Archivtektonik neu strukturiert wurden. Sie k\u00f6nnen in folgende \u00fcbergeordnete Gruppen eingeteilt werden:<\/p>\n\n\n\n<ul class=\"wp-block-list\">\n<li>Archiv der Stadt Graz: Altes Archiv, bis 1850: Best\u00e4nde und Serien der alten Registratur des Magistrates vom 18. Jahrhundert bis ca. 1850 sowie die einige Jahre vom Steierm\u00e4rkischen Landesarchiv verwahrten und dem Stadtarchiv zur\u00fcckgegebenen Selekte der landesf\u00fcrstlichen Patente und Normalia f\u00fcr die Stadt Graz<br>Archiv der Stadt Graz, ab 1850: nach dem Provenienzprinzip abgelegte Best\u00e4nde und Serien der neueren Registratur des Magistrates von der provisorischen Gemeindeordnung der Stadt Graz ab 1850 bis heute nach den Bestandsgruppen:<br>Gemeindevertretungsk\u00f6rper; Leitende \u00c4mter und innere Verwaltung; Finanz- und Verm\u00f6gensverwaltung; Bev\u00f6lkerung, Personenstand und Kultus; Bauverwaltung, Stadtplanung und Umwelt; Sozial- und Gesundheitswesen; Wirtschaft, Gewerbe und Tourismus; Kultur, Bildung, Sport; Sicherheit und Katastrophenschutz; St\u00e4dtische Betriebe und Unternehmungen, ab ca. 1860: St\u00e4dtische Betriebe, Stadtwerke Graz AG\/Holding Graz<\/li>\n\n\n\n<li>Ehemalige Grazer Umgebungsgemeinden, ab ca. 1840<\/li>\n\n\n\n<li>Nichtst\u00e4dtische Provenienzen, ab ca. 1876: Nachgeordnete Bundesdienststellen, Vereinsarchive, Vor- und Nachl\u00e4sse<\/li>\n\n\n\n<li>Sammlungen: Multimediale Sammlungen, Raumhistorische Sammlungen nach gemischten Provenienzen<\/li>\n\n\n\n<li>Archivbibliothek: ca. 4000 B\u00e4nde zur \u00d6sterreichischen, Steirischen und Grazer Geschichte, zum Archivwesen sowie Amtsdruckschriften<\/li>\n<\/ul>\n\n\n\n<p>N\u00e4here Angaben zur Struktur und genauere Beschreibungen finden Sie im\u00a0<a href=\"https:\/\/gais.graz.at\/stadtarchiv-graz\/\">GAIS<\/a>.<\/p>\n\n\n\n<p><\/p>\n\n\n\n<h2 class=\"wp-block-heading\">Archivgut anbieten<\/h2>\n\n\n\n<p>Das Stadtarchiv Graz ist nicht nur das Verwaltungsarchiv des Magistrates der Landeshauptstadt Graz und der Eigenbetriebe des \u201eHauses Graz\u201c. Unsere Aufgabe besteht auch im gezielten Sammeln von schriftlichen, analogen und digitalen \u00dcberlieferungen zur Dokumentation der Stadtgeschichte. Auch Privatpersonen, Vereine und Firmen haben die M\u00f6glichkeit uns Ihre Unterlagen zur \u00dcbernahme anzubieten. Wir pr\u00fcfen diese auf ihre stadthistorische Relevanz und die Eignung zur archivischen Aufbewahrung, Bearbeitung und Zug\u00e4nglichmachung.<\/p>\n\n\n\n<p>Kontaktieren Sie uns bei Fragen dazu gerne unter&nbsp;<strong><a href=\"mailto:stadtarchiv@stadt.graz.at\">stadtarchiv@stadt.graz.at<\/a><\/strong><\/p>\n\n\n\n<p>Digitale Daten wie Bilder, Videos, Audiodateien, Texte k\u00f6nnen an uns \u00fcber die&nbsp;<strong><a href=\"https:\/\/citizenarchive.eu\/\">Citizen Archive Platform<\/a><\/strong>&nbsp;\u00fcbergeben werden.<\/p>\n\n\n\n<h2 class=\"wp-block-heading\">Archivordnung der Stadt Graz<\/h2>\n\n\n\n<p>Unser Handeln und unsere Aufgaben werden durch das&nbsp;<a href=\"https:\/\/www.ris.bka.gv.at\/Dokumente\/Lgbl\/LGBL_ST_20130612_59\/LGBL_ST_20130612_59.pdf\">Steierm\u00e4rkische Archivgesetz<\/a>&nbsp;sowie die darauf aufbauende&nbsp;<a href=\"https:\/\/www.graz.at\/cms\/beitrag\/10320322\/9740941\/Archivordnung.html\">Grazer Archivordnung 2019<\/a>&nbsp;geregelt.<\/p>\n\n\n\n<h2 class=\"wp-block-heading\">Wir und unsere Partner<\/h2>\n\n\n\n<p>Unserem Auftrag und unserem Selbstverst\u00e4ndnis folgend, betten wir unser Handeln in das Netzwerk der Archivarinnen und Archivaren ein, sowie orientieren uns am Fachdiskurs und den internationalen Standards f\u00fcr das Archivwesen. Dementsprechend sind wir Mitglied im&nbsp;<a href=\"https:\/\/www.ica.org\/\">Internationalen Archivrat<\/a>&nbsp;und dem&nbsp;<a href=\"http:\/\/www.voea.at\/\">Verband \u00d6sterreichischer Archivarinnen und Archivare<\/a>. Wolfram Dornik ist Vorstandsmitglied im&nbsp;<a href=\"https:\/\/www.staedtebund.gv.at\/ausschuesse\/kommunalarchive\/\">Arbeitskreis der Kommunalarchivarinnen und Kommunalarchivare<\/a>&nbsp;im Rahmen des&nbsp;<a href=\"https:\/\/www.staedtebund.gv.at\/\">\u00d6sterreichischen St\u00e4dtebundes<\/a>.<\/p>\n\n\n\n<div style=\"height:100px\" aria-hidden=\"true\" class=\"wp-block-spacer\"><\/div>\n","protected":false},"excerpt":{"rendered":"<p>Leitbild Das Stadtarchiv Graz ist seit 1. April 2014 Teil der Stadtmuseum Graz GmbH und bildet gemeinsam mit dem GrazMuseum das Zentrum f\u00fcr Stadt und Stadtgeschichte. Als historisches Archiv der Landeshauptstadt verwahrt es die schriftliche \u00dcberlieferung der Grazer Stadtverwaltung seit dem 18. Jahrhundert. Es sichert, \u00fcbernimmt, ordnet und verzeichnet das in den \u00c4mtern verfasste Schriftgut, [&hellip;]<\/p>\n","protected":false},"author":1,"featured_media":0,"parent":0,"menu_order":0,"comment_status":"closed","ping_status":"closed","template":"","meta":{"_acf_changed":false,"footnotes":""},"class_list":["post-19","page","type-page","status-publish","hentry"],"acf":[],"yoast_head":"<!-- This site is optimized with the Yoast SEO plugin v26.5 - https:\/\/yoast.com\/wordpress\/plugins\/seo\/ -->\n<title>\u00dcber das Stadtarchiv Graz | Stadtarchiv Graz<\/title>\n<meta name=\"robots\" content=\"index, follow, max-snippet:-1, max-image-preview:large, max-video-preview:-1\" \/>\n<link rel=\"canonical\" href=\"https:\/\/www.grazmuseum.at\/stadtarchiv\/ueber-das-stadtarchiv-graz\/\" \/>\n<meta property=\"og:locale\" content=\"de_DE\" \/>\n<meta property=\"og:type\" content=\"article\" \/>\n<meta property=\"og:title\" content=\"\u00dcber das Stadtarchiv Graz | Stadtarchiv Graz\" \/>\n<meta property=\"og:description\" content=\"Leitbild Das Stadtarchiv Graz ist seit 1. April 2014 Teil der Stadtmuseum Graz GmbH und bildet gemeinsam mit dem GrazMuseum das Zentrum f\u00fcr Stadt und Stadtgeschichte. Als historisches Archiv der Landeshauptstadt verwahrt es die schriftliche \u00dcberlieferung der Grazer Stadtverwaltung seit dem 18. Jahrhundert. Es sichert, \u00fcbernimmt, ordnet und verzeichnet das in den \u00c4mtern verfasste Schriftgut, [&hellip;]\" \/>\n<meta property=\"og:url\" content=\"https:\/\/www.grazmuseum.at\/stadtarchiv\/ueber-das-stadtarchiv-graz\/\" \/>\n<meta property=\"og:site_name\" content=\"Stadtarchiv Graz\" \/>\n<meta property=\"article:modified_time\" content=\"2025-08-29T06:53:58+00:00\" \/>\n<meta property=\"og:image\" content=\"https:\/\/www.grazmuseum.at\/stadtarchiv\/wp-content\/uploads\/sites\/2\/2024\/02\/07.12.23-Graz_Stadtarchiv_065_c-Sebastian-Reiser-Kopie.jpg\" \/>\n<meta name=\"twitter:card\" content=\"summary_large_image\" \/>\n<meta name=\"twitter:label1\" content=\"Gesch\u00e4tzte Lesezeit\" \/>\n\t<meta name=\"twitter:data1\" content=\"5\u00a0Minuten\" \/>\n<script type=\"application\/ld+json\" class=\"yoast-schema-graph\">{\"@context\":\"https:\/\/schema.org\",\"@graph\":[{\"@type\":\"WebPage\",\"@id\":\"https:\/\/www.grazmuseum.at\/stadtarchiv\/ueber-das-stadtarchiv-graz\/\",\"url\":\"https:\/\/www.grazmuseum.at\/stadtarchiv\/ueber-das-stadtarchiv-graz\/\",\"name\":\"\u00dcber das Stadtarchiv Graz | Stadtarchiv Graz\",\"isPartOf\":{\"@id\":\"https:\/\/www.grazmuseum.at\/stadtarchiv\/#website\"},\"primaryImageOfPage\":{\"@id\":\"https:\/\/www.grazmuseum.at\/stadtarchiv\/ueber-das-stadtarchiv-graz\/#primaryimage\"},\"image\":{\"@id\":\"https:\/\/www.grazmuseum.at\/stadtarchiv\/ueber-das-stadtarchiv-graz\/#primaryimage\"},\"thumbnailUrl\":\"https:\/\/www.grazmuseum.at\/stadtarchiv\/wp-content\/uploads\/sites\/2\/2024\/02\/07.12.23-Graz_Stadtarchiv_065_c-Sebastian-Reiser-Kopie.jpg\",\"datePublished\":\"2018-05-09T19:33:54+00:00\",\"dateModified\":\"2025-08-29T06:53:58+00:00\",\"breadcrumb\":{\"@id\":\"https:\/\/www.grazmuseum.at\/stadtarchiv\/ueber-das-stadtarchiv-graz\/#breadcrumb\"},\"inLanguage\":\"de\",\"potentialAction\":[{\"@type\":\"ReadAction\",\"target\":[\"https:\/\/www.grazmuseum.at\/stadtarchiv\/ueber-das-stadtarchiv-graz\/\"]}]},{\"@type\":\"ImageObject\",\"inLanguage\":\"de\",\"@id\":\"https:\/\/www.grazmuseum.at\/stadtarchiv\/ueber-das-stadtarchiv-graz\/#primaryimage\",\"url\":\"https:\/\/www.grazmuseum.at\/stadtarchiv\/wp-content\/uploads\/sites\/2\/2024\/02\/07.12.23-Graz_Stadtarchiv_065_c-Sebastian-Reiser-Kopie.jpg\",\"contentUrl\":\"https:\/\/www.grazmuseum.at\/stadtarchiv\/wp-content\/uploads\/sites\/2\/2024\/02\/07.12.23-Graz_Stadtarchiv_065_c-Sebastian-Reiser-Kopie.jpg\",\"width\":1600,\"height\":1067,\"caption\":\"Foto: Sebastian Reiser\"},{\"@type\":\"BreadcrumbList\",\"@id\":\"https:\/\/www.grazmuseum.at\/stadtarchiv\/ueber-das-stadtarchiv-graz\/#breadcrumb\",\"itemListElement\":[{\"@type\":\"ListItem\",\"position\":1,\"name\":\"Home\",\"item\":\"https:\/\/www.grazmuseum.at\/stadtarchiv\/\"},{\"@type\":\"ListItem\",\"position\":2,\"name\":\"Stadtarchiv Graz\"}]},{\"@type\":\"WebSite\",\"@id\":\"https:\/\/www.grazmuseum.at\/stadtarchiv\/#website\",\"url\":\"https:\/\/www.grazmuseum.at\/stadtarchiv\/\",\"name\":\"Stadtarchiv Graz\",\"description\":\"\",\"potentialAction\":[{\"@type\":\"SearchAction\",\"target\":{\"@type\":\"EntryPoint\",\"urlTemplate\":\"https:\/\/www.grazmuseum.at\/stadtarchiv\/?s={search_term_string}\"},\"query-input\":{\"@type\":\"PropertyValueSpecification\",\"valueRequired\":true,\"valueName\":\"search_term_string\"}}],\"inLanguage\":\"de\"}]}<\/script>\n<!-- \/ Yoast SEO plugin. -->","yoast_head_json":{"title":"\u00dcber das Stadtarchiv Graz | Stadtarchiv Graz","robots":{"index":"index","follow":"follow","max-snippet":"max-snippet:-1","max-image-preview":"max-image-preview:large","max-video-preview":"max-video-preview:-1"},"canonical":"https:\/\/www.grazmuseum.at\/stadtarchiv\/ueber-das-stadtarchiv-graz\/","og_locale":"de_DE","og_type":"article","og_title":"\u00dcber das Stadtarchiv Graz | Stadtarchiv Graz","og_description":"Leitbild Das Stadtarchiv Graz ist seit 1. April 2014 Teil der Stadtmuseum Graz GmbH und bildet gemeinsam mit dem GrazMuseum das Zentrum f\u00fcr Stadt und Stadtgeschichte. Als historisches Archiv der Landeshauptstadt verwahrt es die schriftliche \u00dcberlieferung der Grazer Stadtverwaltung seit dem 18. Jahrhundert. Es sichert, \u00fcbernimmt, ordnet und verzeichnet das in den \u00c4mtern verfasste Schriftgut, [&hellip;]","og_url":"https:\/\/www.grazmuseum.at\/stadtarchiv\/ueber-das-stadtarchiv-graz\/","og_site_name":"Stadtarchiv Graz","article_modified_time":"2025-08-29T06:53:58+00:00","og_image":[{"url":"https:\/\/www.grazmuseum.at\/stadtarchiv\/wp-content\/uploads\/sites\/2\/2024\/02\/07.12.23-Graz_Stadtarchiv_065_c-Sebastian-Reiser-Kopie.jpg","type":"","width":"","height":""}],"twitter_card":"summary_large_image","twitter_misc":{"Gesch\u00e4tzte Lesezeit":"5\u00a0Minuten"},"schema":{"@context":"https:\/\/schema.org","@graph":[{"@type":"WebPage","@id":"https:\/\/www.grazmuseum.at\/stadtarchiv\/ueber-das-stadtarchiv-graz\/","url":"https:\/\/www.grazmuseum.at\/stadtarchiv\/ueber-das-stadtarchiv-graz\/","name":"\u00dcber das Stadtarchiv Graz | Stadtarchiv Graz","isPartOf":{"@id":"https:\/\/www.grazmuseum.at\/stadtarchiv\/#website"},"primaryImageOfPage":{"@id":"https:\/\/www.grazmuseum.at\/stadtarchiv\/ueber-das-stadtarchiv-graz\/#primaryimage"},"image":{"@id":"https:\/\/www.grazmuseum.at\/stadtarchiv\/ueber-das-stadtarchiv-graz\/#primaryimage"},"thumbnailUrl":"https:\/\/www.grazmuseum.at\/stadtarchiv\/wp-content\/uploads\/sites\/2\/2024\/02\/07.12.23-Graz_Stadtarchiv_065_c-Sebastian-Reiser-Kopie.jpg","datePublished":"2018-05-09T19:33:54+00:00","dateModified":"2025-08-29T06:53:58+00:00","breadcrumb":{"@id":"https:\/\/www.grazmuseum.at\/stadtarchiv\/ueber-das-stadtarchiv-graz\/#breadcrumb"},"inLanguage":"de","potentialAction":[{"@type":"ReadAction","target":["https:\/\/www.grazmuseum.at\/stadtarchiv\/ueber-das-stadtarchiv-graz\/"]}]},{"@type":"ImageObject","inLanguage":"de","@id":"https:\/\/www.grazmuseum.at\/stadtarchiv\/ueber-das-stadtarchiv-graz\/#primaryimage","url":"https:\/\/www.grazmuseum.at\/stadtarchiv\/wp-content\/uploads\/sites\/2\/2024\/02\/07.12.23-Graz_Stadtarchiv_065_c-Sebastian-Reiser-Kopie.jpg","contentUrl":"https:\/\/www.grazmuseum.at\/stadtarchiv\/wp-content\/uploads\/sites\/2\/2024\/02\/07.12.23-Graz_Stadtarchiv_065_c-Sebastian-Reiser-Kopie.jpg","width":1600,"height":1067,"caption":"Foto: Sebastian Reiser"},{"@type":"BreadcrumbList","@id":"https:\/\/www.grazmuseum.at\/stadtarchiv\/ueber-das-stadtarchiv-graz\/#breadcrumb","itemListElement":[{"@type":"ListItem","position":1,"name":"Home","item":"https:\/\/www.grazmuseum.at\/stadtarchiv\/"},{"@type":"ListItem","position":2,"name":"Stadtarchiv Graz"}]},{"@type":"WebSite","@id":"https:\/\/www.grazmuseum.at\/stadtarchiv\/#website","url":"https:\/\/www.grazmuseum.at\/stadtarchiv\/","name":"Stadtarchiv Graz","description":"","potentialAction":[{"@type":"SearchAction","target":{"@type":"EntryPoint","urlTemplate":"https:\/\/www.grazmuseum.at\/stadtarchiv\/?s={search_term_string}"},"query-input":{"@type":"PropertyValueSpecification","valueRequired":true,"valueName":"search_term_string"}}],"inLanguage":"de"}]}},"_links":{"self":[{"href":"https:\/\/www.grazmuseum.at\/stadtarchiv\/wp-json\/wp\/v2\/pages\/19","targetHints":{"allow":["GET"]}}],"collection":[{"href":"https:\/\/www.grazmuseum.at\/stadtarchiv\/wp-json\/wp\/v2\/pages"}],"about":[{"href":"https:\/\/www.grazmuseum.at\/stadtarchiv\/wp-json\/wp\/v2\/types\/page"}],"author":[{"embeddable":true,"href":"https:\/\/www.grazmuseum.at\/stadtarchiv\/wp-json\/wp\/v2\/users\/1"}],"replies":[{"embeddable":true,"href":"https:\/\/www.grazmuseum.at\/stadtarchiv\/wp-json\/wp\/v2\/comments?post=19"}],"version-history":[{"count":26,"href":"https:\/\/www.grazmuseum.at\/stadtarchiv\/wp-json\/wp\/v2\/pages\/19\/revisions"}],"predecessor-version":[{"id":3316,"href":"https:\/\/www.grazmuseum.at\/stadtarchiv\/wp-json\/wp\/v2\/pages\/19\/revisions\/3316"}],"wp:attachment":[{"href":"https:\/\/www.grazmuseum.at\/stadtarchiv\/wp-json\/wp\/v2\/media?parent=19"}],"curies":[{"name":"wp","href":"https:\/\/api.w.org\/{rel}","templated":true}]}}