{"id":3394,"date":"2026-01-08T12:36:12","date_gmt":"2026-01-08T11:36:12","guid":{"rendered":"https:\/\/www.grazmuseum.at\/stadtarchiv\/?post_type=event&#038;p=3394"},"modified":"2026-01-08T12:36:13","modified_gmt":"2026-01-08T11:36:13","slug":"wie-konnten-buergerinnen-ein-lebenswertes-andritz-mitgestalten","status":"publish","type":"event","link":"https:\/\/www.grazmuseum.at\/stadtarchiv\/event\/wie-konnten-buergerinnen-ein-lebenswertes-andritz-mitgestalten\/","title":{"rendered":"Wie konnten B\u00fcrger*innen ein lebenswertes Andritz (mit)gestalten?"},"content":{"rendered":"\n<p>Vortrag von Wolfram Dornik<\/p>\n\n\n\n<p>Welche Instrumente der Einbindung von B\u00fcrger*innen gab es im Verlauf der Geschichte? Welche Erfolge konnten B\u00fcrgerinitiativen in Andritz erzielen? Seit 1848 k\u00f6nnen wir einen stetigen Ausbau der Teilhabe in Entscheidungsprozessen beobachten. Daf\u00fcr wurden sowohl auf kommunaler, als auch auf Landes- und Bundesebene Instrumente geschaffen. Wir werfen einen Blick auf die wichtigsten historischen Entwicklungsschritte. Und dann sind Sie gefragt! Erz\u00e4hlen Sie uns von Ihren Erfolgen aber auch Misserfolgen bei der Gestaltung eines lebenswerten Andritz.<\/p>\n\n\n\n<p>Wolfram Dornik, seit 2015 Leiter der Abteilung Stadtarchiv Graz und von 2020 bis 2025 auch der Abteilung Sammlungen des Graz Museums der Stadtmuseum Graz GmbH. Von 2003 bis 2015 Researcher und Kurator am LBI f\u00fcr Kriegsfolgenforschung Graz-Wien-Klagenfurt, von 2012 bis 2015 wissenschaftlicher Leiter des Heimat.Museum im Tabor Feldbach. Von 1997bis 2003 Studium der Geschichte und F\u00e4cherkombination an der Universit\u00e4t Graz. Forschungsschwerpunkte: Stadt- und Regionalgeschichte in der Steiermark, Osteuropa im Ersten Weltkrieg, Zweite Republik \u00d6sterreichs, digitale Erinnerungskulturen. Letzte Publikation: Graz Biografie. Geschichte einer Stadt (mit Beitr\u00e4gen von Georg Tiefengraber und Otto Hochreiter), Graz 2022 (Residenz Verlag).<\/p>\n\n\n\n<p>In Kooperation mit der <a href=\"https:\/\/stadtbibliothek.graz.at\/\">Stadtbibliothek Graz<\/a>.<\/p>\n\n\n\n<p><\/p>\n","protected":false},"template":"","tags":[],"typ":[34],"class_list":["post-3394","event","type-event","status-publish","hentry","typ-vortrag"],"acf":[],"yoast_head":"<!-- This site is optimized with the Yoast SEO plugin v26.5 - https:\/\/yoast.com\/wordpress\/plugins\/seo\/ -->\n<title>Wie konnten B\u00fcrger*innen ein lebenswertes Andritz (mit)gestalten? - Stadtarchiv Graz<\/title>\n<meta name=\"robots\" content=\"index, follow, max-snippet:-1, max-image-preview:large, max-video-preview:-1\" \/>\n<link rel=\"canonical\" href=\"https:\/\/www.grazmuseum.at\/stadtarchiv\/event\/wie-konnten-buergerinnen-ein-lebenswertes-andritz-mitgestalten\/\" \/>\n<meta property=\"og:locale\" content=\"de_DE\" \/>\n<meta property=\"og:type\" content=\"article\" \/>\n<meta property=\"og:title\" content=\"Wie konnten B\u00fcrger*innen ein lebenswertes Andritz (mit)gestalten? - Stadtarchiv Graz\" \/>\n<meta property=\"og:description\" content=\"Vortrag von Wolfram Dornik Welche Instrumente der Einbindung von B\u00fcrger*innen gab es im Verlauf der Geschichte? Welche Erfolge konnten B\u00fcrgerinitiativen in Andritz erzielen? Seit 1848 k\u00f6nnen wir einen stetigen Ausbau der Teilhabe in Entscheidungsprozessen beobachten. Daf\u00fcr wurden sowohl auf kommunaler, als auch auf Landes- und Bundesebene Instrumente geschaffen. Wir werfen einen Blick auf die wichtigsten [&hellip;]\" \/>\n<meta property=\"og:url\" content=\"https:\/\/www.grazmuseum.at\/stadtarchiv\/event\/wie-konnten-buergerinnen-ein-lebenswertes-andritz-mitgestalten\/\" \/>\n<meta property=\"og:site_name\" content=\"Stadtarchiv Graz\" \/>\n<meta property=\"article:modified_time\" content=\"2026-01-08T11:36:13+00:00\" \/>\n<meta name=\"twitter:card\" content=\"summary_large_image\" \/>\n<meta name=\"twitter:label1\" content=\"Gesch\u00e4tzte Lesezeit\" \/>\n\t<meta name=\"twitter:data1\" content=\"1\u00a0Minute\" \/>\n<script type=\"application\/ld+json\" class=\"yoast-schema-graph\">{\"@context\":\"https:\/\/schema.org\",\"@graph\":[{\"@type\":\"WebPage\",\"@id\":\"https:\/\/www.grazmuseum.at\/stadtarchiv\/event\/wie-konnten-buergerinnen-ein-lebenswertes-andritz-mitgestalten\/\",\"url\":\"https:\/\/www.grazmuseum.at\/stadtarchiv\/event\/wie-konnten-buergerinnen-ein-lebenswertes-andritz-mitgestalten\/\",\"name\":\"Wie konnten B\u00fcrger*innen ein lebenswertes Andritz (mit)gestalten? - Stadtarchiv Graz\",\"isPartOf\":{\"@id\":\"https:\/\/www.grazmuseum.at\/stadtarchiv\/#website\"},\"datePublished\":\"2026-01-08T11:36:12+00:00\",\"dateModified\":\"2026-01-08T11:36:13+00:00\",\"breadcrumb\":{\"@id\":\"https:\/\/www.grazmuseum.at\/stadtarchiv\/event\/wie-konnten-buergerinnen-ein-lebenswertes-andritz-mitgestalten\/#breadcrumb\"},\"inLanguage\":\"de\",\"potentialAction\":[{\"@type\":\"ReadAction\",\"target\":[\"https:\/\/www.grazmuseum.at\/stadtarchiv\/event\/wie-konnten-buergerinnen-ein-lebenswertes-andritz-mitgestalten\/\"]}]},{\"@type\":\"BreadcrumbList\",\"@id\":\"https:\/\/www.grazmuseum.at\/stadtarchiv\/event\/wie-konnten-buergerinnen-ein-lebenswertes-andritz-mitgestalten\/#breadcrumb\",\"itemListElement\":[{\"@type\":\"ListItem\",\"position\":1,\"name\":\"Home\",\"item\":\"https:\/\/www.grazmuseum.at\/stadtarchiv\/\"},{\"@type\":\"ListItem\",\"position\":2,\"name\":\"Termine\",\"item\":\"https:\/\/www.grazmuseum.at\/stadtarchiv\/event\/\"},{\"@type\":\"ListItem\",\"position\":3,\"name\":\"Wie konnten B\u00fcrger*innen ein lebenswertes Andritz (mit)gestalten?\"}]},{\"@type\":\"WebSite\",\"@id\":\"https:\/\/www.grazmuseum.at\/stadtarchiv\/#website\",\"url\":\"https:\/\/www.grazmuseum.at\/stadtarchiv\/\",\"name\":\"Stadtarchiv Graz\",\"description\":\"\",\"potentialAction\":[{\"@type\":\"SearchAction\",\"target\":{\"@type\":\"EntryPoint\",\"urlTemplate\":\"https:\/\/www.grazmuseum.at\/stadtarchiv\/?s={search_term_string}\"},\"query-input\":{\"@type\":\"PropertyValueSpecification\",\"valueRequired\":true,\"valueName\":\"search_term_string\"}}],\"inLanguage\":\"de\"}]}<\/script>\n<!-- \/ Yoast SEO plugin. -->","yoast_head_json":{"title":"Wie konnten B\u00fcrger*innen ein lebenswertes Andritz (mit)gestalten? - Stadtarchiv Graz","robots":{"index":"index","follow":"follow","max-snippet":"max-snippet:-1","max-image-preview":"max-image-preview:large","max-video-preview":"max-video-preview:-1"},"canonical":"https:\/\/www.grazmuseum.at\/stadtarchiv\/event\/wie-konnten-buergerinnen-ein-lebenswertes-andritz-mitgestalten\/","og_locale":"de_DE","og_type":"article","og_title":"Wie konnten B\u00fcrger*innen ein lebenswertes Andritz (mit)gestalten? - Stadtarchiv Graz","og_description":"Vortrag von Wolfram Dornik Welche Instrumente der Einbindung von B\u00fcrger*innen gab es im Verlauf der Geschichte? Welche Erfolge konnten B\u00fcrgerinitiativen in Andritz erzielen? Seit 1848 k\u00f6nnen wir einen stetigen Ausbau der Teilhabe in Entscheidungsprozessen beobachten. Daf\u00fcr wurden sowohl auf kommunaler, als auch auf Landes- und Bundesebene Instrumente geschaffen. Wir werfen einen Blick auf die wichtigsten [&hellip;]","og_url":"https:\/\/www.grazmuseum.at\/stadtarchiv\/event\/wie-konnten-buergerinnen-ein-lebenswertes-andritz-mitgestalten\/","og_site_name":"Stadtarchiv Graz","article_modified_time":"2026-01-08T11:36:13+00:00","twitter_card":"summary_large_image","twitter_misc":{"Gesch\u00e4tzte Lesezeit":"1\u00a0Minute"},"schema":{"@context":"https:\/\/schema.org","@graph":[{"@type":"WebPage","@id":"https:\/\/www.grazmuseum.at\/stadtarchiv\/event\/wie-konnten-buergerinnen-ein-lebenswertes-andritz-mitgestalten\/","url":"https:\/\/www.grazmuseum.at\/stadtarchiv\/event\/wie-konnten-buergerinnen-ein-lebenswertes-andritz-mitgestalten\/","name":"Wie konnten B\u00fcrger*innen ein lebenswertes Andritz (mit)gestalten? - Stadtarchiv Graz","isPartOf":{"@id":"https:\/\/www.grazmuseum.at\/stadtarchiv\/#website"},"datePublished":"2026-01-08T11:36:12+00:00","dateModified":"2026-01-08T11:36:13+00:00","breadcrumb":{"@id":"https:\/\/www.grazmuseum.at\/stadtarchiv\/event\/wie-konnten-buergerinnen-ein-lebenswertes-andritz-mitgestalten\/#breadcrumb"},"inLanguage":"de","potentialAction":[{"@type":"ReadAction","target":["https:\/\/www.grazmuseum.at\/stadtarchiv\/event\/wie-konnten-buergerinnen-ein-lebenswertes-andritz-mitgestalten\/"]}]},{"@type":"BreadcrumbList","@id":"https:\/\/www.grazmuseum.at\/stadtarchiv\/event\/wie-konnten-buergerinnen-ein-lebenswertes-andritz-mitgestalten\/#breadcrumb","itemListElement":[{"@type":"ListItem","position":1,"name":"Home","item":"https:\/\/www.grazmuseum.at\/stadtarchiv\/"},{"@type":"ListItem","position":2,"name":"Termine","item":"https:\/\/www.grazmuseum.at\/stadtarchiv\/event\/"},{"@type":"ListItem","position":3,"name":"Wie konnten B\u00fcrger*innen ein lebenswertes Andritz (mit)gestalten?"}]},{"@type":"WebSite","@id":"https:\/\/www.grazmuseum.at\/stadtarchiv\/#website","url":"https:\/\/www.grazmuseum.at\/stadtarchiv\/","name":"Stadtarchiv Graz","description":"","potentialAction":[{"@type":"SearchAction","target":{"@type":"EntryPoint","urlTemplate":"https:\/\/www.grazmuseum.at\/stadtarchiv\/?s={search_term_string}"},"query-input":{"@type":"PropertyValueSpecification","valueRequired":true,"valueName":"search_term_string"}}],"inLanguage":"de"}]}},"_links":{"self":[{"href":"https:\/\/www.grazmuseum.at\/stadtarchiv\/wp-json\/wp\/v2\/event\/3394","targetHints":{"allow":["GET"]}}],"collection":[{"href":"https:\/\/www.grazmuseum.at\/stadtarchiv\/wp-json\/wp\/v2\/event"}],"about":[{"href":"https:\/\/www.grazmuseum.at\/stadtarchiv\/wp-json\/wp\/v2\/types\/event"}],"wp:attachment":[{"href":"https:\/\/www.grazmuseum.at\/stadtarchiv\/wp-json\/wp\/v2\/media?parent=3394"}],"wp:term":[{"taxonomy":"post_tag","embeddable":true,"href":"https:\/\/www.grazmuseum.at\/stadtarchiv\/wp-json\/wp\/v2\/tags?post=3394"},{"taxonomy":"typ","embeddable":true,"href":"https:\/\/www.grazmuseum.at\/stadtarchiv\/wp-json\/wp\/v2\/typ?post=3394"}],"curies":[{"name":"wp","href":"https:\/\/api.w.org\/{rel}","templated":true}]}}

Wie konnten Bürger*innen ein lebenswertes Andritz (mit)gestalten?

<p>Vortrag von Wolfram Dornik</p>



<p>Welche Instrumente der Einbindung von Bürger*innen gab es im Verlauf der Geschichte? Welche Erfolge konnten Bürgerinitiativen in Andritz erzielen? Seit 1848 können wir einen stetigen Ausbau der Teilhabe in Entscheidungsprozessen beobachten. Dafür wurden sowohl auf kommunaler, als auch auf Landes- und Bundesebene Instrumente geschaffen. Wir werfen einen Blick auf die wichtigsten historischen Entwicklungsschritte. Und dann sind Sie gefragt! Erzählen Sie uns von Ihren Erfolgen aber auch Misserfolgen bei der Gestaltung eines lebenswerten Andritz.</p>



<p>Wolfram Dornik, seit 2015 Leiter der Abteilung Stadtarchiv Graz und von 2020 bis 2025 auch der Abteilung Sammlungen des Graz Museums der Stadtmuseum Graz GmbH. Von 2003 bis 2015 Researcher und Kurator am LBI für Kriegsfolgenforschung Graz-Wien-Klagenfurt, von 2012 bis 2015 wissenschaftlicher Leiter des Heimat.Museum im Tabor Feldbach. Von 1997bis 2003 Studium der Geschichte und Fächerkombination an der Universität Graz. Forschungsschwerpunkte: Stadt- und Regionalgeschichte in der Steiermark, Osteuropa im Ersten Weltkrieg, Zweite Republik Österreichs, digitale Erinnerungskulturen. Letzte Publikation: Graz Biografie. Geschichte einer Stadt (mit Beiträgen von Georg Tiefengraber und Otto Hochreiter), Graz 2022 (Residenz Verlag).</p>



<p>In Kooperation mit der <a href="https://stadtbibliothek.graz.at/">Stadtbibliothek Graz</a>.</p>



<p></p>

<!-- This site is optimized with the Yoast SEO plugin v26.5 - https://yoast.com/wordpress/plugins/seo/ -->
<title>Wie konnten Bürger*innen ein lebenswertes Andritz (mit)gestalten? - Stadtarchiv Graz</title>
<meta name="robots" content="index, follow, max-snippet:-1, max-image-preview:large, max-video-preview:-1" />
<link rel="canonical" href="https://www.grazmuseum.at/stadtarchiv/event/wie-konnten-buergerinnen-ein-lebenswertes-andritz-mitgestalten/" />
<meta property="og:locale" content="de_DE" />
<meta property="og:type" content="article" />
<meta property="og:title" content="Wie konnten Bürger*innen ein lebenswertes Andritz (mit)gestalten? - Stadtarchiv Graz" />
<meta property="og:description" content="Vortrag von Wolfram Dornik Welche Instrumente der Einbindung von Bürger*innen gab es im Verlauf der Geschichte? Welche Erfolge konnten Bürgerinitiativen in Andritz erzielen? Seit 1848 können wir einen stetigen Ausbau der Teilhabe in Entscheidungsprozessen beobachten. Dafür wurden sowohl auf kommunaler, als auch auf Landes- und Bundesebene Instrumente geschaffen. Wir werfen einen Blick auf die wichtigsten [&hellip;]" />
<meta property="og:url" content="https://www.grazmuseum.at/stadtarchiv/event/wie-konnten-buergerinnen-ein-lebenswertes-andritz-mitgestalten/" />
<meta property="og:site_name" content="Stadtarchiv Graz" />
<meta property="article:modified_time" content="2026-01-08T11:36:13+00:00" />
<meta name="twitter:card" content="summary_large_image" />
<meta name="twitter:label1" content="Geschätzte Lesezeit" />
	<meta name="twitter:data1" content="1 Minute" />
<script type="application/ld+json" class="yoast-schema-graph">{"@context":"https://schema.org","@graph":[{"@type":"WebPage","@id":"https://www.grazmuseum.at/stadtarchiv/event/wie-konnten-buergerinnen-ein-lebenswertes-andritz-mitgestalten/","url":"https://www.grazmuseum.at/stadtarchiv/event/wie-konnten-buergerinnen-ein-lebenswertes-andritz-mitgestalten/","name":"Wie konnten Bürger*innen ein lebenswertes Andritz (mit)gestalten? - Stadtarchiv Graz","isPartOf":{"@id":"https://www.grazmuseum.at/stadtarchiv/#website"},"datePublished":"2026-01-08T11:36:12+00:00","dateModified":"2026-01-08T11:36:13+00:00","breadcrumb":{"@id":"https://www.grazmuseum.at/stadtarchiv/event/wie-konnten-buergerinnen-ein-lebenswertes-andritz-mitgestalten/#breadcrumb"},"inLanguage":"de","potentialAction":[{"@type":"ReadAction","target":["https://www.grazmuseum.at/stadtarchiv/event/wie-konnten-buergerinnen-ein-lebenswertes-andritz-mitgestalten/"]}]},{"@type":"BreadcrumbList","@id":"https://www.grazmuseum.at/stadtarchiv/event/wie-konnten-buergerinnen-ein-lebenswertes-andritz-mitgestalten/#breadcrumb","itemListElement":[{"@type":"ListItem","position":1,"name":"Home","item":"https://www.grazmuseum.at/stadtarchiv/"},{"@type":"ListItem","position":2,"name":"Termine","item":"https://www.grazmuseum.at/stadtarchiv/event/"},{"@type":"ListItem","position":3,"name":"Wie konnten Bürger*innen ein lebenswertes Andritz (mit)gestalten?"}]},{"@type":"WebSite","@id":"https://www.grazmuseum.at/stadtarchiv/#website","url":"https://www.grazmuseum.at/stadtarchiv/","name":"Stadtarchiv Graz","description":"","potentialAction":[{"@type":"SearchAction","target":{"@type":"EntryPoint","urlTemplate":"https://www.grazmuseum.at/stadtarchiv/?s={search_term_string}"},"query-input":{"@type":"PropertyValueSpecification","valueRequired":true,"valueName":"search_term_string"}}],"inLanguage":"de"}]}</script>
<!-- / Yoast SEO plugin. -->

Wie konnten Bürger*innen ein lebenswertes Andritz (mit)gestalten? - Stadtarchiv Graz

Vortrag von Wolfram Dornik Welche Instrumente der Einbindung von Bürger*innen gab es im Verlauf der Geschichte? Welche Erfolge konnten Bürgerinitiativen in Andritz erzielen? Seit 1848 können wir einen stetigen Ausbau der Teilhabe in Entscheidungsprozessen beobachten. Dafür wurden sowohl auf kommunaler, als auch auf Landes- und Bundesebene Instrumente geschaffen. Wir werfen einen Blick auf die wichtigsten [&hellip;]
