{"id":26,"date":"2021-07-28T14:45:24","date_gmt":"2021-07-28T12:45:24","guid":{"rendered":"https:\/\/www.grazmuseum.at\/jungestadt\/?page_id=26"},"modified":"2025-05-23T10:26:29","modified_gmt":"2025-05-23T08:26:29","slug":"arbeitsblaetter","status":"publish","type":"page","link":"https:\/\/www.grazmuseum.at\/jungestadt\/arbeitsblaetter\/","title":{"rendered":"Arbeitsbl\u00e4tter"},"content":{"rendered":"<p>[et_pb_section fb_built=&#8220;1&#8243; admin_label=&#8220;section&#8220; _builder_version=&#8220;4.9.1&#8243; background_color=&#8220;#849bd7&#8243; background_image=&#8220;https:\/\/www.grazmuseum.at\/jungestadt\/wp-content\/uploads\/sites\/4\/2021\/10\/arbeitsblaetter-bg-scaled-1.jpg&#8220; background_position=&#8220;top_center&#8220; width=&#8220;100%&#8220; max_width=&#8220;100%&#8220; background_last_edited=&#8220;on|phone&#8220; background_image_phone=&#8220;https:\/\/www.grazmuseum.at\/jungestadt\/wp-content\/uploads\/sites\/4\/2021\/07\/arbeitsblaetter-bg-mobile.jpg&#8220; background_enable_image_phone=&#8220;on&#8220; background_size_phone=&#8220;contain&#8220; locked=&#8220;off&#8220;][et_pb_row custom_padding_last_edited=&#8220;on|phone&#8220; _builder_version=&#8220;4.9.1&#8243; _module_preset=&#8220;default&#8220; width_tablet=&#8220;100%&#8220; width_phone=&#8220;100%&#8220; width_last_edited=&#8220;on|desktop&#8220; max_width=&#8220;100%&#8220; custom_margin=&#8220;|30px||30px|false|false&#8220; custom_margin_tablet=&#8220;&#8220; custom_margin_phone=&#8220;|10px||10px|false|false&#8220; custom_margin_last_edited=&#8220;on|desktop&#8220; custom_padding=&#8220;175px|0px||0px|false|false&#8220; custom_padding_tablet=&#8220;&#8220; custom_padding_phone=&#8220;120px||||false|false&#8220;][et_pb_column type=&#8220;4_4&#8243; _builder_version=&#8220;4.5.7&#8243; _module_preset=&#8220;default&#8220;][et_pb_text module_class=&#8220;hero&#8220; _builder_version=&#8220;4.9.1&#8243; _module_preset=&#8220;default&#8220; text_text_color=&#8220;#FFFFFF&#8220; custom_margin=&#8220;150px||||false|false&#8220;]<\/p>\n<h1>Arbeitsbl\u00e4tter<\/h1>\n<p>(empfohlen f\u00fcr Kinder von 8 bis 12 Jahren)<\/p>\n<p>Was interessiert dich am meisten? Der Schlossberg, die Pferde-Tramway oder vielleicht das erste Schwimmbad in Graz? In der Jungen Stadt des Graz Museums findest du viele verschiedene Themenbl\u00e4tter zur Stadtgeschichte, die du ausdrucken und bearbeiten kannst. So erf\u00e4hrst du vieles rund um das Leben und die Menschen in Graz damals und heute, l\u00f6st knifflige R\u00e4tsel und bringst deine eigenen Ideen mit ein.<br \/>\nZu den einzelnen Themen kannst du online auch <a href=\"https:\/\/www.grazmuseum.at\/jungestadt\/mini-games\/\">Mini Games<\/a> spielen!<\/p>\n<p>[\/et_pb_text][et_pb_button button_url=&#8220;https:\/\/www.grazmuseum.at\/jungestadt\/wp-content\/uploads\/sites\/4\/2021\/11\/Kurzanleitung-1.pdf&#8220; button_text=&#8220;Hier geht&#8217;s zur Anleitung!&#8220; _builder_version=&#8220;4.9.1&#8243; _module_preset=&#8220;default&#8220;][\/et_pb_button][\/et_pb_column][\/et_pb_row][et_pb_row module_class=&#8220;jungestadt__arbeitsblaetter__grid__wrapper&#8220; _builder_version=&#8220;4.9.1&#8243; _module_preset=&#8220;default&#8220;][et_pb_column type=&#8220;4_4&#8243; _builder_version=&#8220;4.9.1&#8243; _module_preset=&#8220;default&#8220;][et_pb_code _builder_version=&#8220;4.9.1&#8243; _module_preset=&#8220;default&#8220;]<div class=\"jungestadt__arbeitsblaetter__grid\"><div class=\"item-wrapper\"><div class=\"item\"><div class=\"content\"><h2 class=\"light\">Eine Stadt namens Graz<\/h2><\/div><div class=\"buttons\"><a href=\"https:\/\/www.grazmuseum.at\/jungestadt\/wp-content\/uploads\/sites\/4\/2021\/11\/Arbeitsbla\u0308tter_-Eine_Stadt_namens_Graz-.zip\" target=\"_blank\" class=\"download\"><span>Download<\/span><\/a><\/div><\/div><\/div><div class=\"item-wrapper\"><div class=\"item\"><div class=\"content\"><h2 class=\"light\">Der Grazer Schlossberg<\/h2><\/div><div class=\"buttons\"><a href=\"https:\/\/www.grazmuseum.at\/jungestadt\/wp-content\/uploads\/sites\/4\/2021\/12\/Themendach_-Der_Grazer_Schlossberg-.zip\" target=\"_blank\" class=\"download\"><span>Download<\/span><\/a><\/div><\/div><\/div><div class=\"item-wrapper\"><div class=\"item\"><div class=\"content\"><h2 class=\"light\">Gefahren in der Stadt<\/h2><\/div><div class=\"buttons\"><a href=\"https:\/\/www.grazmuseum.at\/jungestadt\/wp-content\/uploads\/sites\/4\/2021\/11\/Arbeitsbla\u0308tter_-Gefahren_in_der_Stadt-.zip\" target=\"_blank\" class=\"download\"><span>Download<\/span><\/a><\/div><\/div><\/div><div class=\"item-wrapper\"><div class=\"item\"><div class=\"content\"><h2 class=\"light\">Spiel, Spa\u00df und Freizeit in der Stadt<\/h2><\/div><div class=\"buttons\"><a href=\"https:\/\/www.grazmuseum.at\/jungestadt\/wp-content\/uploads\/sites\/4\/2021\/11\/Themendach_-Spiel_Spass_und_Freizeit-.zip\" target=\"_blank\" class=\"download\"><span>Download<\/span><\/a><\/div><\/div><\/div><div class=\"item-wrapper\"><div class=\"item\"><div class=\"content\"><h2 class=\"light\">Arbeit und Wirtschaft in der Stadt<\/h2><\/div><div class=\"buttons\"><a href=\"https:\/\/www.grazmuseum.at\/jungestadt\/wp-content\/uploads\/sites\/4\/2021\/11\/Themendach_-Arbeit_und_Wirtschaft-.zip\" target=\"_blank\" class=\"download\"><span>Download<\/span><\/a><\/div><\/div><\/div><div class=\"item-wrapper\"><div class=\"item\"><div class=\"content\"><h2 class=\"light\">Geschichten und Sagen aus Graz<\/h2><\/div><div class=\"buttons\"><a href=\"https:\/\/www.grazmuseum.at\/jungestadt\/wp-content\/uploads\/sites\/4\/2021\/11\/Themendach_-Geschichten_und_Sagen-.zip\" target=\"_blank\" class=\"download\"><span>Download<\/span><\/a><\/div><\/div><\/div><div class=\"item-wrapper\"><div class=\"item\"><div class=\"content\"><h2 class=\"light\">Unterwegs in der Stadt<\/h2><\/div><div class=\"buttons\"><a href=\"https:\/\/www.grazmuseum.at\/jungestadt\/wp-content\/uploads\/sites\/4\/2022\/06\/Themendach_Unterwegs-in-der-Stadt.zip\" target=\"_blank\" class=\"download\"><span>Download<\/span><\/a><\/div><\/div><\/div><div class=\"item-wrapper\"><div class=\"item\"><div class=\"content\"><h2 class=\"light\">Demokratie<\/h2><\/div><div class=\"buttons\"><a href=\"https:\/\/www.grazmuseum.at\/jungestadt\/wp-content\/uploads\/sites\/4\/2025\/05\/08_Demokratie.zip\" target=\"_blank\" class=\"download\"><span>Download<\/span><\/a><\/div><\/div><\/div><\/div>[\/et_pb_code][\/et_pb_column][\/et_pb_row][et_pb_row _builder_version=&#8220;4.9.1&#8243; _module_preset=&#8220;default&#8220;][et_pb_column type=&#8220;4_4&#8243; _builder_version=&#8220;4.9.1&#8243; _module_preset=&#8220;default&#8220;][\/et_pb_column][\/et_pb_row][et_pb_row _builder_version=&#8220;4.9.1&#8243; _module_preset=&#8220;default&#8220;][et_pb_column type=&#8220;4_4&#8243; _builder_version=&#8220;4.9.1&#8243; _module_preset=&#8220;default&#8220;][et_pb_button button_url=&#8220;https:\/\/www.grazmuseum.at\/jungestadt\/wp-content\/uploads\/sites\/4\/2022\/06\/Inhaltsverzeichnis_202206.pdf&#8220; button_text=&#8220;Hier findest du das Inhaltsverzeichnis&#8220; admin_label=&#8220;Inhaltsverzeichnis&#8220; _builder_version=&#8220;4.9.1&#8243; _module_preset=&#8220;default&#8220;][\/et_pb_button][\/et_pb_column][\/et_pb_row][\/et_pb_section]<\/p>\n","protected":false},"excerpt":{"rendered":"[et_pb_section fb_built=&#8220;1&#8243; admin_label=&#8220;section&#8220; _builder_version=&#8220;4.9.1&#8243; background_color=&#8220;#849bd7&#8243; background_image=&#8220;https:\/\/www.grazmuseum.at\/jungestadt\/wp-content\/uploads\/sites\/4\/2021\/10\/arbeitsblaetter-bg-scaled-1.jpg&#8220; background_position=&#8220;top_center&#8220; width=&#8220;100%&#8220; max_width=&#8220;100%&#8220; background_last_edited=&#8220;on|phone&#8220; background_image_phone=&#8220;https:\/\/www.grazmuseum.at\/jungestadt\/wp-content\/uploads\/sites\/4\/2021\/07\/arbeitsblaetter-bg-mobile.jpg&#8220; background_enable_image_phone=&#8220;on&#8220; background_size_phone=&#8220;contain&#8220; locked=&#8220;off&#8220;][et_pb_row custom_padding_last_edited=&#8220;on|phone&#8220; _builder_version=&#8220;4.9.1&#8243; _module_preset=&#8220;default&#8220; width_tablet=&#8220;100%&#8220; width_phone=&#8220;100%&#8220; width_last_edited=&#8220;on|desktop&#8220; max_width=&#8220;100%&#8220; custom_margin=&#8220;|30px||30px|false|false&#8220; custom_margin_tablet=&#8220;&#8220; custom_margin_phone=&#8220;|10px||10px|false|false&#8220; custom_margin_last_edited=&#8220;on|desktop&#8220; custom_padding=&#8220;175px|0px||0px|false|false&#8220; custom_padding_tablet=&#8220;&#8220; custom_padding_phone=&#8220;120px||||false|false&#8220;][et_pb_column type=&#8220;4_4&#8243; _builder_version=&#8220;4.5.7&#8243; _module_preset=&#8220;default&#8220;][et_pb_text module_class=&#8220;hero&#8220; _builder_version=&#8220;4.9.1&#8243; _module_preset=&#8220;default&#8220; text_text_color=&#8220;#FFFFFF&#8220; custom_margin=&#8220;150px||||false|false&#8220;] Arbeitsbl\u00e4tter (empfohlen f\u00fcr Kinder von 8 bis 12 Jahren) Was interessiert dich am meisten? Der Schlossberg, die Pferde-Tramway oder&#8230; <a class=\"view-article\" href=\"https:\/\/www.grazmuseum.at\/jungestadt\/arbeitsblaetter\/\">Artikel ansehen<\/a>","protected":false},"author":1,"featured_media":271,"parent":0,"menu_order":0,"comment_status":"closed","ping_status":"closed","template":"template-jungestadt-arbeitsblaetter.php","meta":{"_acf_changed":false,"_et_pb_use_builder":"on","_et_pb_old_content":"","_et_gb_content_width":"","footnotes":""},"class_list":["post-26","page","type-page","status-publish","has-post-thumbnail","hentry"],"acf":[],"yoast_head":"<!-- This site is optimized with the Yoast SEO plugin v26.5 - https:\/\/yoast.com\/wordpress\/plugins\/seo\/ -->\n<title>Arbeitsbl\u00e4tter - Junge Stadt, GrazMuseum<\/title>\n<meta name=\"robots\" content=\"index, follow, max-snippet:-1, max-image-preview:large, max-video-preview:-1\" \/>\n<link rel=\"canonical\" href=\"https:\/\/www.grazmuseum.at\/jungestadt\/arbeitsblaetter\/\" \/>\n<meta property=\"og:locale\" content=\"de_DE\" \/>\n<meta property=\"og:type\" content=\"article\" \/>\n<meta property=\"og:title\" content=\"Arbeitsbl\u00e4tter - Junge Stadt, GrazMuseum\" \/>\n<meta property=\"og:description\" content=\"[et_pb_section fb_built=&#8220;1&#8243; admin_label=&#8220;section&#8220; _builder_version=&#8220;4.9.1&#8243; background_color=&#8220;#849bd7&#8243; background_image=&#8220;https:\/\/www.grazmuseum.at\/jungestadt\/wp-content\/uploads\/sites\/4\/2021\/10\/arbeitsblaetter-bg-scaled-1.jpg&#8220; background_position=&#8220;top_center&#8220; width=&#8220;100%&#8220; max_width=&#8220;100%&#8220; background_last_edited=&#8220;on|phone&#8220; background_image_phone=&#8220;https:\/\/www.grazmuseum.at\/jungestadt\/wp-content\/uploads\/sites\/4\/2021\/07\/arbeitsblaetter-bg-mobile.jpg&#8220; background_enable_image_phone=&#8220;on&#8220; background_size_phone=&#8220;contain&#8220; locked=&#8220;off&#8220;][et_pb_row custom_padding_last_edited=&#8220;on|phone&#8220; _builder_version=&#8220;4.9.1&#8243; _module_preset=&#8220;default&#8220; width_tablet=&#8220;100%&#8220; width_phone=&#8220;100%&#8220; width_last_edited=&#8220;on|desktop&#8220; max_width=&#8220;100%&#8220; custom_margin=&#8220;|30px||30px|false|false&#8220; custom_margin_tablet=&#8220;&#8220; custom_margin_phone=&#8220;|10px||10px|false|false&#8220; custom_margin_last_edited=&#8220;on|desktop&#8220; custom_padding=&#8220;175px|0px||0px|false|false&#8220; custom_padding_tablet=&#8220;&#8220; custom_padding_phone=&#8220;120px||||false|false&#8220;][et_pb_column type=&#8220;4_4&#8243; _builder_version=&#8220;4.5.7&#8243; _module_preset=&#8220;default&#8220;][et_pb_text module_class=&#8220;hero&#8220; _builder_version=&#8220;4.9.1&#8243; _module_preset=&#8220;default&#8220; text_text_color=&#8220;#FFFFFF&#8220; custom_margin=&#8220;150px||||false|false&#8220;] Arbeitsbl\u00e4tter (empfohlen f\u00fcr Kinder von 8 bis 12 Jahren) Was interessiert dich am meisten? Der Schlossberg, die Pferde-Tramway oder... Artikel ansehen\" \/>\n<meta property=\"og:url\" content=\"https:\/\/www.grazmuseum.at\/jungestadt\/arbeitsblaetter\/\" \/>\n<meta property=\"og:site_name\" content=\"Junge Stadt, GrazMuseum\" \/>\n<meta property=\"article:modified_time\" content=\"2025-05-23T08:26:29+00:00\" \/>\n<meta property=\"og:image\" content=\"https:\/\/www.grazmuseum.at\/jungestadt\/wp-content\/uploads\/sites\/4\/2021\/11\/GM-JS-1404x780px.jpg\" \/>\n\t<meta property=\"og:image:width\" content=\"1404\" \/>\n\t<meta property=\"og:image:height\" content=\"780\" \/>\n\t<meta property=\"og:image:type\" content=\"image\/jpeg\" \/>\n<meta name=\"twitter:card\" content=\"summary_large_image\" \/>\n<meta name=\"twitter:label1\" content=\"Gesch\u00e4tzte Lesezeit\" \/>\n\t<meta name=\"twitter:data1\" content=\"1\u00a0Minute\" \/>\n<script type=\"application\/ld+json\" class=\"yoast-schema-graph\">{\"@context\":\"https:\/\/schema.org\",\"@graph\":[{\"@type\":\"WebPage\",\"@id\":\"https:\/\/www.grazmuseum.at\/jungestadt\/arbeitsblaetter\/\",\"url\":\"https:\/\/www.grazmuseum.at\/jungestadt\/arbeitsblaetter\/\",\"name\":\"Arbeitsbl\u00e4tter - Junge Stadt, GrazMuseum\",\"isPartOf\":{\"@id\":\"https:\/\/www.grazmuseum.at\/jungestadt\/#website\"},\"primaryImageOfPage\":{\"@id\":\"https:\/\/www.grazmuseum.at\/jungestadt\/arbeitsblaetter\/#primaryimage\"},\"image\":{\"@id\":\"https:\/\/www.grazmuseum.at\/jungestadt\/arbeitsblaetter\/#primaryimage\"},\"thumbnailUrl\":\"https:\/\/www.grazmuseum.at\/jungestadt\/wp-content\/uploads\/sites\/4\/2021\/11\/GM-JS-1404x780px.jpg\",\"datePublished\":\"2021-07-28T12:45:24+00:00\",\"dateModified\":\"2025-05-23T08:26:29+00:00\",\"breadcrumb\":{\"@id\":\"https:\/\/www.grazmuseum.at\/jungestadt\/arbeitsblaetter\/#breadcrumb\"},\"inLanguage\":\"de\",\"potentialAction\":[{\"@type\":\"ReadAction\",\"target\":[\"https:\/\/www.grazmuseum.at\/jungestadt\/arbeitsblaetter\/\"]}]},{\"@type\":\"ImageObject\",\"inLanguage\":\"de\",\"@id\":\"https:\/\/www.grazmuseum.at\/jungestadt\/arbeitsblaetter\/#primaryimage\",\"url\":\"https:\/\/www.grazmuseum.at\/jungestadt\/wp-content\/uploads\/sites\/4\/2021\/11\/GM-JS-1404x780px.jpg\",\"contentUrl\":\"https:\/\/www.grazmuseum.at\/jungestadt\/wp-content\/uploads\/sites\/4\/2021\/11\/GM-JS-1404x780px.jpg\",\"width\":1404,\"height\":780},{\"@type\":\"BreadcrumbList\",\"@id\":\"https:\/\/www.grazmuseum.at\/jungestadt\/arbeitsblaetter\/#breadcrumb\",\"itemListElement\":[{\"@type\":\"ListItem\",\"position\":1,\"name\":\"Startseite\",\"item\":\"https:\/\/www.grazmuseum.at\/jungestadt\/\"},{\"@type\":\"ListItem\",\"position\":2,\"name\":\"Arbeitsbl\u00e4tter\"}]},{\"@type\":\"WebSite\",\"@id\":\"https:\/\/www.grazmuseum.at\/jungestadt\/#website\",\"url\":\"https:\/\/www.grazmuseum.at\/jungestadt\/\",\"name\":\"Junge Stadt, GrazMuseum\",\"description\":\"\",\"potentialAction\":[{\"@type\":\"SearchAction\",\"target\":{\"@type\":\"EntryPoint\",\"urlTemplate\":\"https:\/\/www.grazmuseum.at\/jungestadt\/?s={search_term_string}\"},\"query-input\":{\"@type\":\"PropertyValueSpecification\",\"valueRequired\":true,\"valueName\":\"search_term_string\"}}],\"inLanguage\":\"de\"}]}<\/script>\n<!-- \/ Yoast SEO plugin. -->","yoast_head_json":{"title":"Arbeitsbl\u00e4tter - Junge Stadt, GrazMuseum","robots":{"index":"index","follow":"follow","max-snippet":"max-snippet:-1","max-image-preview":"max-image-preview:large","max-video-preview":"max-video-preview:-1"},"canonical":"https:\/\/www.grazmuseum.at\/jungestadt\/arbeitsblaetter\/","og_locale":"de_DE","og_type":"article","og_title":"Arbeitsbl\u00e4tter - Junge Stadt, GrazMuseum","og_description":"[et_pb_section fb_built=&#8220;1&#8243; admin_label=&#8220;section&#8220; _builder_version=&#8220;4.9.1&#8243; background_color=&#8220;#849bd7&#8243; background_image=&#8220;https:\/\/www.grazmuseum.at\/jungestadt\/wp-content\/uploads\/sites\/4\/2021\/10\/arbeitsblaetter-bg-scaled-1.jpg&#8220; background_position=&#8220;top_center&#8220; width=&#8220;100%&#8220; max_width=&#8220;100%&#8220; background_last_edited=&#8220;on|phone&#8220; background_image_phone=&#8220;https:\/\/www.grazmuseum.at\/jungestadt\/wp-content\/uploads\/sites\/4\/2021\/07\/arbeitsblaetter-bg-mobile.jpg&#8220; background_enable_image_phone=&#8220;on&#8220; background_size_phone=&#8220;contain&#8220; locked=&#8220;off&#8220;][et_pb_row custom_padding_last_edited=&#8220;on|phone&#8220; _builder_version=&#8220;4.9.1&#8243; _module_preset=&#8220;default&#8220; width_tablet=&#8220;100%&#8220; width_phone=&#8220;100%&#8220; width_last_edited=&#8220;on|desktop&#8220; max_width=&#8220;100%&#8220; custom_margin=&#8220;|30px||30px|false|false&#8220; custom_margin_tablet=&#8220;&#8220; custom_margin_phone=&#8220;|10px||10px|false|false&#8220; custom_margin_last_edited=&#8220;on|desktop&#8220; custom_padding=&#8220;175px|0px||0px|false|false&#8220; custom_padding_tablet=&#8220;&#8220; custom_padding_phone=&#8220;120px||||false|false&#8220;][et_pb_column type=&#8220;4_4&#8243; _builder_version=&#8220;4.5.7&#8243; _module_preset=&#8220;default&#8220;][et_pb_text module_class=&#8220;hero&#8220; _builder_version=&#8220;4.9.1&#8243; _module_preset=&#8220;default&#8220; text_text_color=&#8220;#FFFFFF&#8220; custom_margin=&#8220;150px||||false|false&#8220;] Arbeitsbl\u00e4tter (empfohlen f\u00fcr Kinder von 8 bis 12 Jahren) Was interessiert dich am meisten? Der Schlossberg, die Pferde-Tramway oder... Artikel ansehen","og_url":"https:\/\/www.grazmuseum.at\/jungestadt\/arbeitsblaetter\/","og_site_name":"Junge Stadt, GrazMuseum","article_modified_time":"2025-05-23T08:26:29+00:00","og_image":[{"width":1404,"height":780,"url":"https:\/\/www.grazmuseum.at\/jungestadt\/wp-content\/uploads\/sites\/4\/2021\/11\/GM-JS-1404x780px.jpg","type":"image\/jpeg"}],"twitter_card":"summary_large_image","twitter_misc":{"Gesch\u00e4tzte Lesezeit":"1\u00a0Minute"},"schema":{"@context":"https:\/\/schema.org","@graph":[{"@type":"WebPage","@id":"https:\/\/www.grazmuseum.at\/jungestadt\/arbeitsblaetter\/","url":"https:\/\/www.grazmuseum.at\/jungestadt\/arbeitsblaetter\/","name":"Arbeitsbl\u00e4tter - Junge Stadt, GrazMuseum","isPartOf":{"@id":"https:\/\/www.grazmuseum.at\/jungestadt\/#website"},"primaryImageOfPage":{"@id":"https:\/\/www.grazmuseum.at\/jungestadt\/arbeitsblaetter\/#primaryimage"},"image":{"@id":"https:\/\/www.grazmuseum.at\/jungestadt\/arbeitsblaetter\/#primaryimage"},"thumbnailUrl":"https:\/\/www.grazmuseum.at\/jungestadt\/wp-content\/uploads\/sites\/4\/2021\/11\/GM-JS-1404x780px.jpg","datePublished":"2021-07-28T12:45:24+00:00","dateModified":"2025-05-23T08:26:29+00:00","breadcrumb":{"@id":"https:\/\/www.grazmuseum.at\/jungestadt\/arbeitsblaetter\/#breadcrumb"},"inLanguage":"de","potentialAction":[{"@type":"ReadAction","target":["https:\/\/www.grazmuseum.at\/jungestadt\/arbeitsblaetter\/"]}]},{"@type":"ImageObject","inLanguage":"de","@id":"https:\/\/www.grazmuseum.at\/jungestadt\/arbeitsblaetter\/#primaryimage","url":"https:\/\/www.grazmuseum.at\/jungestadt\/wp-content\/uploads\/sites\/4\/2021\/11\/GM-JS-1404x780px.jpg","contentUrl":"https:\/\/www.grazmuseum.at\/jungestadt\/wp-content\/uploads\/sites\/4\/2021\/11\/GM-JS-1404x780px.jpg","width":1404,"height":780},{"@type":"BreadcrumbList","@id":"https:\/\/www.grazmuseum.at\/jungestadt\/arbeitsblaetter\/#breadcrumb","itemListElement":[{"@type":"ListItem","position":1,"name":"Startseite","item":"https:\/\/www.grazmuseum.at\/jungestadt\/"},{"@type":"ListItem","position":2,"name":"Arbeitsbl\u00e4tter"}]},{"@type":"WebSite","@id":"https:\/\/www.grazmuseum.at\/jungestadt\/#website","url":"https:\/\/www.grazmuseum.at\/jungestadt\/","name":"Junge Stadt, GrazMuseum","description":"","potentialAction":[{"@type":"SearchAction","target":{"@type":"EntryPoint","urlTemplate":"https:\/\/www.grazmuseum.at\/jungestadt\/?s={search_term_string}"},"query-input":{"@type":"PropertyValueSpecification","valueRequired":true,"valueName":"search_term_string"}}],"inLanguage":"de"}]}},"_links":{"self":[{"href":"https:\/\/www.grazmuseum.at\/jungestadt\/wp-json\/wp\/v2\/pages\/26","targetHints":{"allow":["GET"]}}],"collection":[{"href":"https:\/\/www.grazmuseum.at\/jungestadt\/wp-json\/wp\/v2\/pages"}],"about":[{"href":"https:\/\/www.grazmuseum.at\/jungestadt\/wp-json\/wp\/v2\/types\/page"}],"author":[{"embeddable":true,"href":"https:\/\/www.grazmuseum.at\/jungestadt\/wp-json\/wp\/v2\/users\/1"}],"replies":[{"embeddable":true,"href":"https:\/\/www.grazmuseum.at\/jungestadt\/wp-json\/wp\/v2\/comments?post=26"}],"version-history":[{"count":40,"href":"https:\/\/www.grazmuseum.at\/jungestadt\/wp-json\/wp\/v2\/pages\/26\/revisions"}],"predecessor-version":[{"id":609,"href":"https:\/\/www.grazmuseum.at\/jungestadt\/wp-json\/wp\/v2\/pages\/26\/revisions\/609"}],"wp:featuredmedia":[{"embeddable":true,"href":"https:\/\/www.grazmuseum.at\/jungestadt\/wp-json\/wp\/v2\/media\/271"}],"wp:attachment":[{"href":"https:\/\/www.grazmuseum.at\/jungestadt\/wp-json\/wp\/v2\/media?parent=26"}],"curies":[{"name":"wp","href":"https:\/\/api.w.org\/{rel}","templated":true}]}}