{"version":"1.0","provider_name":"Junge Stadt, GrazMuseum","provider_url":"https:\/\/www.grazmuseum.at\/jungestadt","author_name":"grazmuseum","author_url":"https:\/\/www.grazmuseum.at\/jungestadt\/author\/grazmuseum\/","title":"J\u00fcdisches Leben und Antisemitismus in Graz - Junge Stadt, GrazMuseum","type":"rich","width":600,"height":338,"html":"<blockquote class=\"wp-embedded-content\" data-secret=\"6W7dsFMlH5\"><a href=\"https:\/\/www.grazmuseum.at\/jungestadt\/event\/juedisches-leben-und-antisemitismus-in-graz\/\">J\u00fcdisches Leben und Antisemitismus in Graz<\/a><\/blockquote><iframe sandbox=\"allow-scripts\" security=\"restricted\" src=\"https:\/\/www.grazmuseum.at\/jungestadt\/event\/juedisches-leben-und-antisemitismus-in-graz\/embed\/#?secret=6W7dsFMlH5\" width=\"600\" height=\"338\" title=\"&#8222;J\u00fcdisches Leben und Antisemitismus in Graz&#8220; &#8211; Junge Stadt, GrazMuseum\" data-secret=\"6W7dsFMlH5\" frameborder=\"0\" marginwidth=\"0\" marginheight=\"0\" scrolling=\"no\" class=\"wp-embedded-content\"><\/iframe><script type=\"text\/javascript\">\n\/* <![CDATA[ *\/\n\/*! This file is auto-generated *\/\n!function(d,l){\"use strict\";l.querySelector&&d.addEventListener&&\"undefined\"!=typeof URL&&(d.wp=d.wp||{},d.wp.receiveEmbedMessage||(d.wp.receiveEmbedMessage=function(e){var t=e.data;if((t||t.secret||t.message||t.value)&&!\/[^a-zA-Z0-9]\/.test(t.secret)){for(var s,r,n,a=l.querySelectorAll('iframe[data-secret=\"'+t.secret+'\"]'),o=l.querySelectorAll('blockquote[data-secret=\"'+t.secret+'\"]'),c=new RegExp(\"^https?:$\",\"i\"),i=0;i<o.length;i++)o[i].style.display=\"none\";for(i=0;i<a.length;i++)s=a[i],e.source===s.contentWindow&&(s.removeAttribute(\"style\"),\"height\"===t.message?(1e3<(r=parseInt(t.value,10))?r=1e3:~~r<200&&(r=200),s.height=r):\"link\"===t.message&&(r=new URL(s.getAttribute(\"src\")),n=new URL(t.value),c.test(n.protocol))&&n.host===r.host&&l.activeElement===s&&(d.top.location.href=t.value))}},d.addEventListener(\"message\",d.wp.receiveEmbedMessage,!1),l.addEventListener(\"DOMContentLoaded\",function(){for(var e,t,s=l.querySelectorAll(\"iframe.wp-embedded-content\"),r=0;r<s.length;r++)(t=(e=s[r]).getAttribute(\"data-secret\"))||(t=Math.random().toString(36).substring(2,12),e.src+=\"#?secret=\"+t,e.setAttribute(\"data-secret\",t)),e.contentWindow.postMessage({message:\"ready\",secret:t},\"*\")},!1)))}(window,document);\n\/\/# sourceURL=https:\/\/www.grazmuseum.at\/jungestadt\/wp-includes\/js\/wp-embed.min.js\n\/* ]]> *\/\n<\/script>\n","description":"[et_pb_section fb_built=&#8220;1&#8243; _builder_version=&#8220;4.9.1&#8243; _module_preset=&#8220;default&#8220;][et_pb_row _builder_version=&#8220;4.9.1&#8243; _module_preset=&#8220;default&#8220;][et_pb_column type=&#8220;4_4&#8243; _builder_version=&#8220;4.9.1&#8243; _module_preset=&#8220;default&#8220;][et_pb_text _builder_version=&#8220;4.9.1&#8243; _module_preset=&#8220;default&#8220;] In dieser F\u00fchrung werden Lebenssituationen der j\u00fcdischen Bev\u00f6lkerung von Graz thematisiert und historische Ereignisse im europ\u00e4ischen Kontext vermittelt. Die j\u00fcdische Gemeinde und erste Ausweisungen im Mittelalter und der erneute Zuzug und die Gr\u00fcndung der Israelitischen Kultusgemeinde im 19. Jahrhundert besch\u00e4ftigen uns dabei ebenso wie... Artikel ansehen"}

Jüdisches Leben und Antisemitismus in Graz - Junge Stadt, GrazMuseum

<blockquote class="wp-embedded-content" data-secret="6W7dsFMlH5"><a href="https://www.grazmuseum.at/jungestadt/event/juedisches-leben-und-antisemitismus-in-graz/">Jüdisches Leben und Antisemitismus in Graz</a></blockquote><iframe sandbox="allow-scripts" security="restricted" src="https://www.grazmuseum.at/jungestadt/event/juedisches-leben-und-antisemitismus-in-graz/embed/#?secret=6W7dsFMlH5" width="600" height="338" title="&#8222;Jüdisches Leben und Antisemitismus in Graz&#8220; &#8211; Junge Stadt, GrazMuseum" data-secret="6W7dsFMlH5" frameborder="0" marginwidth="0" marginheight="0" scrolling="no" class="wp-embedded-content"></iframe><script type="text/javascript">
/* <![CDATA[ */
/*! This file is auto-generated */
!function(d,l){"use strict";l.querySelector&&d.addEventListener&&"undefined"!=typeof URL&&(d.wp=d.wp||{},d.wp.receiveEmbedMessage||(d.wp.receiveEmbedMessage=function(e){var t=e.data;if((t||t.secret||t.message||t.value)&&!/[^a-zA-Z0-9]/.test(t.secret)){for(var s,r,n,a=l.querySelectorAll('iframe[data-secret="'+t.secret+'"]'),o=l.querySelectorAll('blockquote[data-secret="'+t.secret+'"]'),c=new RegExp("^https?:$","i"),i=0;i<o.length;i++)o[i].style.display="none";for(i=0;i<a.length;i++)s=a[i],e.source===s.contentWindow&&(s.removeAttribute("style"),"height"===t.message?(1e3<(r=parseInt(t.value,10))?r=1e3:~~r<200&&(r=200),s.height=r):"link"===t.message&&(r=new URL(s.getAttribute("src")),n=new URL(t.value),c.test(n.protocol))&&n.host===r.host&&l.activeElement===s&&(d.top.location.href=t.value))}},d.addEventListener("message",d.wp.receiveEmbedMessage,!1),l.addEventListener("DOMContentLoaded",function(){for(var e,t,s=l.querySelectorAll("iframe.wp-embedded-content"),r=0;r<s.length;r++)(t=(e=s[r]).getAttribute("data-secret"))||(t=Math.random().toString(36).substring(2,12),e.src+="#?secret="+t,e.setAttribute("data-secret",t)),e.contentWindow.postMessage({message:"ready",secret:t},"*")},!1)))}(window,document);
//# sourceURL=https://www.grazmuseum.at/jungestadt/wp-includes/js/wp-embed.min.js
/* ]]> */
</script>

[et_pb_section fb_built=&#8220;1&#8243; _builder_version=&#8220;4.9.1&#8243; _module_preset=&#8220;default&#8220;][et_pb_row _builder_version=&#8220;4.9.1&#8243; _module_preset=&#8220;default&#8220;][et_pb_column type=&#8220;4_4&#8243; _builder_version=&#8220;4.9.1&#8243; _module_preset=&#8220;default&#8220;][et_pb_text _builder_version=&#8220;4.9.1&#8243; _module_preset=&#8220;default&#8220;] In dieser Führung werden Lebenssituationen der jüdischen Bevölkerung von Graz thematisiert und historische Ereignisse im europäischen Kontext vermittelt. Die jüdische Gemeinde und erste Ausweisungen im Mittelalter und der erneute Zuzug und die Gründung der Israelitischen Kultusgemeinde im 19. Jahrhundert beschäftigen uns dabei ebenso wie... Artikel ansehen
