{"id":2,"date":"2021-03-11T18:45:10","date_gmt":"2021-03-11T17:45:10","guid":{"rendered":"https:\/\/www.grazmuseum.at\/datenfeld\/?page_id=2"},"modified":"2021-07-22T08:04:13","modified_gmt":"2021-07-22T06:04:13","slug":"festivalausstellung","status":"publish","type":"page","link":"https:\/\/www.grazmuseum.at\/datenfeld\/","title":{"rendered":"Festivalausstellung"},"content":{"rendered":"<p>[et_pb_section fb_built=&#8221;1&#8243; _builder_version=&#8221;4.5.7&#8243; width=&#8221;100%&#8221; max_width=&#8221;100%&#8221;][et_pb_row _builder_version=&#8221;4.5.7&#8243; _module_preset=&#8221;default&#8221; width=&#8221;100%&#8221; max_width=&#8221;100%&#8221; custom_padding_phone=&#8221;50px|0px|50px|0px|true|true&#8221;][et_pb_column type=&#8221;4_4&#8243; _builder_version=&#8221;4.5.7&#8243; _module_preset=&#8221;default&#8221;][et_pb_text _builder_version=&#8221;4.9.1&#8243; background_size=&#8221;initial&#8221; background_position=&#8221;top_left&#8221; background_repeat=&#8221;repeat&#8221; hover_enabled=&#8221;0&#8243; sticky_enabled=&#8221;0&#8243;]<\/p>\n<h2>Diskursfestival Wie wir in Zukunft leben wollen &#8211; Die Stadt als Datenfeld<br \/>26.07. bis 05.08.2021 in Graz<\/h2>\n<p>Das Diskursfestival &#8220;Wie wir in Zukunft Leben wollen &#8211; Die Stadt als Datenfeld&#8221; diskutiert in einzelnen Abenden mit lokalen und internationalen Key Note Speakern jeweils einen Themenbereich der Ausstellung.<br \/>Eingeladen wird von <a href=\"https:\/\/www.grazmuseum.at\/datenfeld\/event\/\"><strong>26. Juli bis 5. August<\/strong><\/a> an insgesamt acht Abenden zur Formulierung richtungsweisender, konkreter Visionen und \u201etheoretischer R\u00e4ume\u201c, welche die Potentiale gegenw\u00e4rtiger technischer Transformationen nutzen wollen.<\/p>\n<p>Nach der Pandemie gibt es kein Zur\u00fcck mehr ins \u201ealte Normal\u201c, jede Nostalgie ist unangebracht. Zum Abschluss des Kulturjahres 2020 wollen die Chance ergreifen und jetzt das Morgen schon im Heute leben.<br \/>Ganz im Sinne Vil\u00e9m Flussers, unseres Begleiters auf der Reise durch die Lebenswelten im Datenfeld, dessen Todestag sich heuer zum 30 Mal j\u00e4hrt, wollen die in der Ausstellung pr\u00e4sentierten Skizzen und Erfahrungsr\u00e4ume \u201eerst mit einbildenden Leuten\u201c geformt werden.<br \/>Im Zentrum der Gespr\u00e4chsreihe zu den jeweiligen Kapiteln der Ausstellung steht der Gedanke eines aktiven \u201eEntwerfens\u201c von Zukunft, die Einladung zum Wagnis von Vision und Utopie. Es geht um nichts weniger als die Realisierung \u201evon zwischenmenschlichen Beziehungen, zum Konkretisieren der in diesen Beziehungen angelegten M\u00f6glichkeiten\u201c (Flusser). Also darum, wer wir in Zukunft sein wollen.<\/p>\n<p><a href=\"https:\/\/www.grazmuseum.at\/datenfeld\/event\/\"><strong>HIER GEHT&#8217;S ZUM PROGRAMM!<\/strong><\/a><\/p>\n<p>[\/et_pb_text][\/et_pb_column][\/et_pb_row][\/et_pb_section]<\/p>\n","protected":false},"excerpt":{"rendered":"[et_pb_section fb_built=&#8221;1&#8243; _builder_version=&#8221;4.5.7&#8243; width=&#8221;100%&#8221; max_width=&#8221;100%&#8221;][et_pb_row _builder_version=&#8221;4.5.7&#8243; _module_preset=&#8221;default&#8221; width=&#8221;100%&#8221; max_width=&#8221;100%&#8221; custom_padding_phone=&#8221;50px|0px|50px|0px|true|true&#8221;][et_pb_column type=&#8221;4_4&#8243; _builder_version=&#8221;4.5.7&#8243; _module_preset=&#8221;default&#8221;][et_pb_text _builder_version=&#8221;4.9.1&#8243; background_size=&#8221;initial&#8221; background_position=&#8221;top_left&#8221; background_repeat=&#8221;repeat&#8221; hover_enabled=&#8221;0&#8243; sticky_enabled=&#8221;0&#8243;] Diskursfestival Wie wir in Zukunft leben wollen &#8211; Die Stadt als Datenfeld26.07. bis 05.08.2021 in Graz Das Diskursfestival &#8220;Wie wir in Zukunft Leben wollen &#8211; Die Stadt als Datenfeld&#8221; diskutiert in einzelnen Abenden mit lokalen und&#8230; <a class=\"view-article\" href=\"https:\/\/www.grazmuseum.at\/datenfeld\/\">View Article<\/a>","protected":false},"author":1,"featured_media":0,"parent":0,"menu_order":0,"comment_status":"closed","ping_status":"open","template":"template-datenfeld-home.php","meta":{"_acf_changed":false,"_et_pb_use_builder":"on","_et_pb_old_content":"<!-- wp:paragraph -->\r\n<p>Dies ist eine Beispiel-Seite. Sie unterscheidet sich von Beitr\u00e4gen, da sie stets an derselben Stelle bleibt und (bei den meisten Themes) in der Website-Navigation angezeigt wird. Die meisten starten mit einem Impressum, der Datenschutzerkl\u00e4rung oder einer \u201e\u00dcber\u00a0uns\u201c-Seite, um sich potenziellen Besuchern der Website vorzustellen. Dort k\u00f6nnte zum Beispiel stehen:<\/p>\r\n<!-- \/wp:paragraph -->\r\n\r\n<!-- wp:quote -->\r\n<blockquote class=\"wp-block-quote\"><p>Hallo! Tags\u00fcber arbeite ich als Fahrradkurier, nachts bin ich ein aufstrebender Schauspieler und dies hier ist meine Website. Ich lebe in Berlin, habe einen gro\u00dfen Hund namens Jack, mag Pi\u00f1a Coladas, jedoch weniger (ohne Schirm) im Regen stehen gelassen zu werden.<\/p><\/blockquote>\r\n<!-- \/wp:quote -->\r\n\r\n<!-- wp:paragraph -->\r\n<p>...oder so etwas wie das hier:<\/p>\r\n<!-- \/wp:paragraph -->\r\n\r\n<!-- wp:quote -->\r\n<blockquote class=\"wp-block-quote\"><p>Das Unternehmen XYZ wurde 1971 gegr\u00fcndet und versorgt die \u00d6ffentlichkeit seither mit qualitativ hochwertigen Produkten. An seinem Standort in einer kleinen Gro\u00dfstadt besch\u00e4ftigt der Betrieb \u00fcber 2.000 Menschen und unterst\u00fctzt die Stadtbewohner in vielfacher Hinsicht.<\/p><\/blockquote>\r\n<!-- \/wp:quote -->\r\n\r\n<!-- wp:paragraph -->\r\n<p>Als neuer WordPress-Benutzer solltest du <a href=\"https:\/\/www.grazmuseum.at\/datenfeld\/wp-admin\/\">dein Dashboard<\/a> aufrufen, um diese Seite zu l\u00f6schen und neue Seiten und Beitr\u00e4ge f\u00fcr deine Website erstellen. Viel Spa\u00df!<\/p>\r\n<!-- \/wp:paragraph -->","_et_gb_content_width":"","footnotes":""},"class_list":["post-2","page","type-page","status-publish","hentry"],"acf":[],"yoast_head":"<!-- This site is optimized with the Yoast SEO plugin v26.5 - https:\/\/yoast.com\/wordpress\/plugins\/seo\/ -->\n<title>Festivalausstellung - Datenfeld Festival | GrazMuseum<\/title>\n<meta name=\"robots\" content=\"index, follow, max-snippet:-1, max-image-preview:large, max-video-preview:-1\" \/>\n<link rel=\"canonical\" href=\"https:\/\/www.grazmuseum.at\/datenfeld\/\" \/>\n<meta property=\"og:locale\" content=\"en_US\" \/>\n<meta property=\"og:type\" content=\"article\" \/>\n<meta property=\"og:title\" content=\"Festivalausstellung - Datenfeld Festival | GrazMuseum\" \/>\n<meta property=\"og:description\" content=\"[et_pb_section fb_built=&#8221;1&#8243; _builder_version=&#8221;4.5.7&#8243; width=&#8221;100%&#8221; max_width=&#8221;100%&#8221;][et_pb_row _builder_version=&#8221;4.5.7&#8243; _module_preset=&#8221;default&#8221; width=&#8221;100%&#8221; max_width=&#8221;100%&#8221; custom_padding_phone=&#8221;50px|0px|50px|0px|true|true&#8221;][et_pb_column type=&#8221;4_4&#8243; _builder_version=&#8221;4.5.7&#8243; _module_preset=&#8221;default&#8221;][et_pb_text _builder_version=&#8221;4.9.1&#8243; background_size=&#8221;initial&#8221; background_position=&#8221;top_left&#8221; background_repeat=&#8221;repeat&#8221; hover_enabled=&#8221;0&#8243; sticky_enabled=&#8221;0&#8243;] Diskursfestival Wie wir in Zukunft leben wollen &#8211; Die Stadt als Datenfeld26.07. bis 05.08.2021 in Graz Das Diskursfestival &#8220;Wie wir in Zukunft Leben wollen &#8211; Die Stadt als Datenfeld&#8221; diskutiert in einzelnen Abenden mit lokalen und... View Article\" \/>\n<meta property=\"og:url\" content=\"https:\/\/www.grazmuseum.at\/datenfeld\/\" \/>\n<meta property=\"og:site_name\" content=\"Datenfeld Festival | GrazMuseum\" \/>\n<meta property=\"article:modified_time\" content=\"2021-07-22T06:04:13+00:00\" \/>\n<meta name=\"twitter:card\" content=\"summary_large_image\" \/>\n<meta name=\"twitter:label1\" content=\"Est. reading time\" \/>\n\t<meta name=\"twitter:data1\" content=\"1 minute\" \/>\n<script type=\"application\/ld+json\" class=\"yoast-schema-graph\">{\"@context\":\"https:\/\/schema.org\",\"@graph\":[{\"@type\":\"WebPage\",\"@id\":\"https:\/\/www.grazmuseum.at\/datenfeld\/\",\"url\":\"https:\/\/www.grazmuseum.at\/datenfeld\/\",\"name\":\"Festivalausstellung - Datenfeld Festival | GrazMuseum\",\"isPartOf\":{\"@id\":\"https:\/\/www.grazmuseum.at\/datenfeld\/#website\"},\"datePublished\":\"2021-03-11T17:45:10+00:00\",\"dateModified\":\"2021-07-22T06:04:13+00:00\",\"breadcrumb\":{\"@id\":\"https:\/\/www.grazmuseum.at\/datenfeld\/#breadcrumb\"},\"inLanguage\":\"en-US\",\"potentialAction\":[{\"@type\":\"ReadAction\",\"target\":[\"https:\/\/www.grazmuseum.at\/datenfeld\/\"]}]},{\"@type\":\"BreadcrumbList\",\"@id\":\"https:\/\/www.grazmuseum.at\/datenfeld\/#breadcrumb\",\"itemListElement\":[{\"@type\":\"ListItem\",\"position\":1,\"name\":\"Startseite\",\"item\":\"https:\/\/www.grazmuseum.at\/datenfeld\/\"},{\"@type\":\"ListItem\",\"position\":2,\"name\":\"Festivalausstellung\"}]},{\"@type\":\"WebSite\",\"@id\":\"https:\/\/www.grazmuseum.at\/datenfeld\/#website\",\"url\":\"https:\/\/www.grazmuseum.at\/datenfeld\/\",\"name\":\"Datenfeld Festival | GrazMuseum\",\"description\":\"\",\"potentialAction\":[{\"@type\":\"SearchAction\",\"target\":{\"@type\":\"EntryPoint\",\"urlTemplate\":\"https:\/\/www.grazmuseum.at\/datenfeld\/?s={search_term_string}\"},\"query-input\":{\"@type\":\"PropertyValueSpecification\",\"valueRequired\":true,\"valueName\":\"search_term_string\"}}],\"inLanguage\":\"en-US\"}]}<\/script>\n<!-- \/ Yoast SEO plugin. -->","yoast_head_json":{"title":"Festivalausstellung - Datenfeld Festival | GrazMuseum","robots":{"index":"index","follow":"follow","max-snippet":"max-snippet:-1","max-image-preview":"max-image-preview:large","max-video-preview":"max-video-preview:-1"},"canonical":"https:\/\/www.grazmuseum.at\/datenfeld\/","og_locale":"en_US","og_type":"article","og_title":"Festivalausstellung - Datenfeld Festival | GrazMuseum","og_description":"[et_pb_section fb_built=&#8221;1&#8243; _builder_version=&#8221;4.5.7&#8243; width=&#8221;100%&#8221; max_width=&#8221;100%&#8221;][et_pb_row _builder_version=&#8221;4.5.7&#8243; _module_preset=&#8221;default&#8221; width=&#8221;100%&#8221; max_width=&#8221;100%&#8221; custom_padding_phone=&#8221;50px|0px|50px|0px|true|true&#8221;][et_pb_column type=&#8221;4_4&#8243; _builder_version=&#8221;4.5.7&#8243; _module_preset=&#8221;default&#8221;][et_pb_text _builder_version=&#8221;4.9.1&#8243; background_size=&#8221;initial&#8221; background_position=&#8221;top_left&#8221; background_repeat=&#8221;repeat&#8221; hover_enabled=&#8221;0&#8243; sticky_enabled=&#8221;0&#8243;] Diskursfestival Wie wir in Zukunft leben wollen &#8211; Die Stadt als Datenfeld26.07. bis 05.08.2021 in Graz Das Diskursfestival &#8220;Wie wir in Zukunft Leben wollen &#8211; Die Stadt als Datenfeld&#8221; diskutiert in einzelnen Abenden mit lokalen und... View Article","og_url":"https:\/\/www.grazmuseum.at\/datenfeld\/","og_site_name":"Datenfeld Festival | GrazMuseum","article_modified_time":"2021-07-22T06:04:13+00:00","twitter_card":"summary_large_image","twitter_misc":{"Est. reading time":"1 minute"},"schema":{"@context":"https:\/\/schema.org","@graph":[{"@type":"WebPage","@id":"https:\/\/www.grazmuseum.at\/datenfeld\/","url":"https:\/\/www.grazmuseum.at\/datenfeld\/","name":"Festivalausstellung - Datenfeld Festival | GrazMuseum","isPartOf":{"@id":"https:\/\/www.grazmuseum.at\/datenfeld\/#website"},"datePublished":"2021-03-11T17:45:10+00:00","dateModified":"2021-07-22T06:04:13+00:00","breadcrumb":{"@id":"https:\/\/www.grazmuseum.at\/datenfeld\/#breadcrumb"},"inLanguage":"en-US","potentialAction":[{"@type":"ReadAction","target":["https:\/\/www.grazmuseum.at\/datenfeld\/"]}]},{"@type":"BreadcrumbList","@id":"https:\/\/www.grazmuseum.at\/datenfeld\/#breadcrumb","itemListElement":[{"@type":"ListItem","position":1,"name":"Startseite","item":"https:\/\/www.grazmuseum.at\/datenfeld\/"},{"@type":"ListItem","position":2,"name":"Festivalausstellung"}]},{"@type":"WebSite","@id":"https:\/\/www.grazmuseum.at\/datenfeld\/#website","url":"https:\/\/www.grazmuseum.at\/datenfeld\/","name":"Datenfeld Festival | GrazMuseum","description":"","potentialAction":[{"@type":"SearchAction","target":{"@type":"EntryPoint","urlTemplate":"https:\/\/www.grazmuseum.at\/datenfeld\/?s={search_term_string}"},"query-input":{"@type":"PropertyValueSpecification","valueRequired":true,"valueName":"search_term_string"}}],"inLanguage":"en-US"}]}},"_links":{"self":[{"href":"https:\/\/www.grazmuseum.at\/datenfeld\/wp-json\/wp\/v2\/pages\/2","targetHints":{"allow":["GET"]}}],"collection":[{"href":"https:\/\/www.grazmuseum.at\/datenfeld\/wp-json\/wp\/v2\/pages"}],"about":[{"href":"https:\/\/www.grazmuseum.at\/datenfeld\/wp-json\/wp\/v2\/types\/page"}],"author":[{"embeddable":true,"href":"https:\/\/www.grazmuseum.at\/datenfeld\/wp-json\/wp\/v2\/users\/1"}],"replies":[{"embeddable":true,"href":"https:\/\/www.grazmuseum.at\/datenfeld\/wp-json\/wp\/v2\/comments?post=2"}],"version-history":[{"count":23,"href":"https:\/\/www.grazmuseum.at\/datenfeld\/wp-json\/wp\/v2\/pages\/2\/revisions"}],"predecessor-version":[{"id":645,"href":"https:\/\/www.grazmuseum.at\/datenfeld\/wp-json\/wp\/v2\/pages\/2\/revisions\/645"}],"wp:attachment":[{"href":"https:\/\/www.grazmuseum.at\/datenfeld\/wp-json\/wp\/v2\/media?parent=2"}],"curies":[{"name":"wp","href":"https:\/\/api.w.org\/{rel}","templated":true}]}}

<p>[et_pb_section fb_built=&#8221;1&#8243; _builder_version=&#8221;4.5.7&#8243; width=&#8221;100%&#8221; max_width=&#8221;100%&#8221;][et_pb_row _builder_version=&#8221;4.5.7&#8243; _module_preset=&#8221;default&#8221; width=&#8221;100%&#8221; max_width=&#8221;100%&#8221; custom_padding_phone=&#8221;50px|0px|50px|0px|true|true&#8221;][et_pb_column type=&#8221;4_4&#8243; _builder_version=&#8221;4.5.7&#8243; _module_preset=&#8221;default&#8221;][et_pb_text _builder_version=&#8221;4.9.1&#8243; background_size=&#8221;initial&#8221; background_position=&#8221;top_left&#8221; background_repeat=&#8221;repeat&#8221; hover_enabled=&#8221;0&#8243; sticky_enabled=&#8221;0&#8243;]</p>
<h2>Diskursfestival Wie wir in Zukunft leben wollen &#8211; Die Stadt als Datenfeld<br />26.07. bis 05.08.2021 in Graz</h2>
<p>Das Diskursfestival &#8220;Wie wir in Zukunft Leben wollen &#8211; Die Stadt als Datenfeld&#8221; diskutiert in einzelnen Abenden mit lokalen und internationalen Key Note Speakern jeweils einen Themenbereich der Ausstellung.<br />Eingeladen wird von <a href="https://www.grazmuseum.at/datenfeld/event/"><strong>26. Juli bis 5. August</strong></a> an insgesamt acht Abenden zur Formulierung richtungsweisender, konkreter Visionen und „theoretischer Räume“, welche die Potentiale gegenwärtiger technischer Transformationen nutzen wollen.</p>
<p>Nach der Pandemie gibt es kein Zurück mehr ins „alte Normal“, jede Nostalgie ist unangebracht. Zum Abschluss des Kulturjahres 2020 wollen die Chance ergreifen und jetzt das Morgen schon im Heute leben.<br />Ganz im Sinne Vilém Flussers, unseres Begleiters auf der Reise durch die Lebenswelten im Datenfeld, dessen Todestag sich heuer zum 30 Mal jährt, wollen die in der Ausstellung präsentierten Skizzen und Erfahrungsräume „erst mit einbildenden Leuten“ geformt werden.<br />Im Zentrum der Gesprächsreihe zu den jeweiligen Kapiteln der Ausstellung steht der Gedanke eines aktiven „Entwerfens“ von Zukunft, die Einladung zum Wagnis von Vision und Utopie. Es geht um nichts weniger als die Realisierung „von zwischenmenschlichen Beziehungen, zum Konkretisieren der in diesen Beziehungen angelegten Möglichkeiten“ (Flusser). Also darum, wer wir in Zukunft sein wollen.</p>
<p><a href="https://www.grazmuseum.at/datenfeld/event/"><strong>HIER GEHT&#8217;S ZUM PROGRAMM!</strong></a></p>
<p>[/et_pb_text][/et_pb_column][/et_pb_row][/et_pb_section]</p>

<!-- wp:paragraph -->
<p>Dies ist eine Beispiel-Seite. Sie unterscheidet sich von Beiträgen, da sie stets an derselben Stelle bleibt und (bei den meisten Themes) in der Website-Navigation angezeigt wird. Die meisten starten mit einem Impressum, der Datenschutzerklärung oder einer „Über uns“-Seite, um sich potenziellen Besuchern der Website vorzustellen. Dort könnte zum Beispiel stehen:</p>
<!-- /wp:paragraph -->

<!-- wp:quote -->
<blockquote class="wp-block-quote"><p>Hallo! Tagsüber arbeite ich als Fahrradkurier, nachts bin ich ein aufstrebender Schauspieler und dies hier ist meine Website. Ich lebe in Berlin, habe einen großen Hund namens Jack, mag Piña Coladas, jedoch weniger (ohne Schirm) im Regen stehen gelassen zu werden.</p></blockquote>
<!-- /wp:quote -->

<!-- wp:paragraph -->
<p>...oder so etwas wie das hier:</p>
<!-- /wp:paragraph -->

<!-- wp:quote -->
<blockquote class="wp-block-quote"><p>Das Unternehmen XYZ wurde 1971 gegründet und versorgt die Öffentlichkeit seither mit qualitativ hochwertigen Produkten. An seinem Standort in einer kleinen Großstadt beschäftigt der Betrieb über 2.000 Menschen und unterstützt die Stadtbewohner in vielfacher Hinsicht.</p></blockquote>
<!-- /wp:quote -->

<!-- wp:paragraph -->
<p>Als neuer WordPress-Benutzer solltest du <a href="https://www.grazmuseum.at/datenfeld/wp-admin/">dein Dashboard</a> aufrufen, um diese Seite zu löschen und neue Seiten und Beiträge für deine Website erstellen. Viel Spaß!</p>
<!-- /wp:paragraph -->
